Last updated on 2022-06-29 15:50:08 CEST.
Flavor | Version | Tinstall | Tcheck | Ttotal | Status | Flags |
---|---|---|---|---|---|---|
r-devel-linux-x86_64-debian-clang | 2.0.6 | 95.17 | 70.75 | 165.92 | WARN | |
r-devel-linux-x86_64-debian-gcc | 2.0.6 | 78.12 | 54.27 | 132.39 | OK | |
r-devel-linux-x86_64-fedora-clang | 2.0.6 | 217.60 | WARN | |||
r-devel-linux-x86_64-fedora-gcc | 2.0.6 | 207.03 | OK | |||
r-devel-windows-x86_64 | 2.0.6 | 97.00 | 126.00 | 223.00 | OK | |
r-patched-linux-x86_64 | 2.0.6 | 80.20 | 70.03 | 150.23 | OK | |
r-release-linux-x86_64 | 2.0.6 | 79.99 | 68.67 | 148.66 | OK | |
r-release-macos-arm64 | 2.0.6 | 58.00 | NOTE | |||
r-release-macos-x86_64 | 2.0.6 | 69.00 | NOTE | |||
r-release-windows-x86_64 | 2.0.6 | 95.00 | 123.00 | 218.00 | OK | |
r-oldrel-macos-arm64 | 2.0.6 | 65.00 | NOTE | |||
r-oldrel-macos-x86_64 | 2.0.6 | 87.00 | NOTE | |||
r-oldrel-windows-ix86+x86_64 | 2.0.6 | 193.00 | 146.00 | 339.00 | OK |
Version: 2.0.6
Check: whether package can be installed
Result: WARN
Found the following significant warnings:
rcpparma_hello_world.cpp:377:37: warning: use of bitwise '&' with boolean operands [-Wbitwise-instead-of-logical]
Flavors: r-devel-linux-x86_64-debian-clang, r-devel-linux-x86_64-fedora-clang
Version: 2.0.6
Check: installed package size
Result: NOTE
installed size is 6.5Mb
sub-directories of 1Mb or more:
libs 6.1Mb
Flavors: r-devel-linux-x86_64-fedora-clang, r-release-macos-arm64, r-release-macos-x86_64, r-oldrel-macos-arm64, r-oldrel-macos-x86_64