Last updated on 2022-05-18 15:49:18 CEST.
Flavor | Version | Tinstall | Tcheck | Ttotal | Status | Flags |
---|---|---|---|---|---|---|
r-devel-linux-x86_64-debian-clang | 0.3.3 | 39.09 | 254.77 | 293.86 | OK | |
r-devel-linux-x86_64-debian-gcc | 0.3.3 | 28.20 | 197.59 | 225.79 | OK | |
r-devel-linux-x86_64-fedora-clang | 0.3.3 | 340.78 | NOTE | |||
r-devel-linux-x86_64-fedora-gcc | 0.3.3 | 340.23 | NOTE | |||
r-devel-windows-x86_64 | 0.3.3 | 47.00 | 414.00 | 461.00 | OK | |
r-patched-linux-x86_64 | 0.3.3 | 35.69 | 237.15 | 272.84 | OK | |
r-release-linux-x86_64 | 0.3.3 | 27.73 | 232.84 | 260.57 | OK | |
r-release-macos-arm64 | 0.3.3 | 132.00 | NOTE | |||
r-release-macos-x86_64 | 0.3.3 | 228.00 | NOTE | |||
r-release-windows-x86_64 | 0.3.3 | 52.00 | 408.00 | 460.00 | OK | |
r-oldrel-macos-arm64 | 0.3.3 | 86.00 | NOTE | |||
r-oldrel-macos-x86_64 | 0.3.3 | 117.00 | NOTE | |||
r-oldrel-windows-ix86+x86_64 | 0.3.3 | 87.00 | 432.00 | 519.00 | OK |
Version: 0.3.3
Check: data for non-ASCII characters
Result: NOTE
Note: found 5 marked UTF-8 strings
Flavors: r-devel-linux-x86_64-fedora-clang, r-devel-linux-x86_64-fedora-gcc, r-release-macos-arm64, r-release-macos-x86_64, r-oldrel-macos-arm64, r-oldrel-macos-x86_64