CRAN Package Check Results for Package yll

Last updated on 2022-09-28 15:50:11 CEST.

Flavor Version Tinstall Tcheck Ttotal Status Flags
r-devel-linux-x86_64-debian-clang 1.0.0 2.14 22.73 24.87 NOTE
r-devel-linux-x86_64-debian-gcc 1.0.0 1.69 17.60 19.29 NOTE
r-devel-linux-x86_64-fedora-clang 1.0.0 42.14 NOTE
r-devel-linux-x86_64-fedora-gcc 1.0.0 39.87 NOTE
r-devel-windows-x86_64 1.0.0 9.00 56.00 65.00 NOTE
r-patched-linux-x86_64 1.0.0 2.12 21.81 23.93 NOTE
r-release-linux-x86_64 1.0.0 1.43 22.12 23.55 NOTE
r-release-macos-arm64 1.0.0 13.00 NOTE
r-release-macos-x86_64 1.0.0 19.00 NOTE
r-release-windows-x86_64 1.0.0 10.00 49.00 59.00 NOTE
r-oldrel-macos-arm64 1.0.0 17.00 NOTE
r-oldrel-macos-x86_64 1.0.0 23.00 NOTE
r-oldrel-windows-ix86+x86_64 1.0.0 6.00 47.00 53.00 NOTE

Check Details

Version: 1.0.0
Check: LazyData
Result: NOTE
     'LazyData' is specified without a 'data' directory
Flavors: r-devel-linux-x86_64-debian-clang, r-devel-linux-x86_64-debian-gcc, r-devel-linux-x86_64-fedora-clang, r-devel-linux-x86_64-fedora-gcc, r-devel-windows-x86_64, r-patched-linux-x86_64, r-release-linux-x86_64, r-release-macos-arm64, r-release-macos-x86_64, r-release-windows-x86_64, r-oldrel-macos-arm64, r-oldrel-macos-x86_64, r-oldrel-windows-ix86+x86_64