CRAN Package Check Results for Package xpose4

Last updated on 2022-05-17 04:50:47 CEST.

Flavor Version Tinstall Tcheck Ttotal Status Flags
r-devel-linux-x86_64-debian-clang 4.7.1 26.27 201.45 227.72 NOTE
r-devel-linux-x86_64-debian-gcc 4.7.1 20.38 149.61 169.99 NOTE
r-devel-linux-x86_64-fedora-clang 4.7.1 267.97 NOTE
r-devel-linux-x86_64-fedora-gcc 4.7.1 265.30 NOTE
r-devel-windows-x86_64 4.7.1 88.00 253.00 341.00 NOTE
r-patched-linux-x86_64 4.7.1 32.28 192.45 224.73 OK
r-release-linux-x86_64 4.7.1 22.29 188.82 211.11 OK
r-release-macos-arm64 4.7.1 68.00 OK
r-release-macos-x86_64 4.7.1 108.00 OK
r-release-windows-x86_64 4.7.1 103.00 243.00 346.00 OK
r-oldrel-macos-arm64 4.7.1 78.00 OK
r-oldrel-macos-x86_64 4.7.1 147.00 OK
r-oldrel-windows-ix86+x86_64 4.7.1 46.00 233.00 279.00 OK

Check Details

Version: 4.7.1
Check: Rd files
Result: NOTE
    checkRd: (7) npc.coverage.Rd:55-56: \item in \describe must have non-empty label
    checkRd: (7) npc.coverage.Rd:68-70: \item in \describe must have non-empty label
    checkRd: (7) npc.coverage.Rd:76-77: \item in \describe must have non-empty label
Flavors: r-devel-linux-x86_64-debian-clang, r-devel-linux-x86_64-debian-gcc, r-devel-linux-x86_64-fedora-clang, r-devel-linux-x86_64-fedora-gcc, r-devel-windows-x86_64