CRAN Package Check Results for Package xpose.nlmixr

Last updated on 2022-05-17 15:53:32 CEST.

Flavor Version Tinstall Tcheck Ttotal Status Flags
r-devel-linux-x86_64-debian-clang 0.2.0 12.65 95.55 108.20 OK
r-devel-linux-x86_64-debian-gcc 0.2.0 8.54 70.68 79.22 OK
r-devel-linux-x86_64-fedora-clang 0.2.0 123.68 NOTE
r-devel-linux-x86_64-fedora-gcc 0.2.0 120.20 NOTE
r-devel-windows-x86_64 0.2.0 37.00 113.00 150.00 OK
r-patched-linux-x86_64 0.2.0 9.41 88.69 98.10 OK
r-release-linux-x86_64 0.2.0 10.23 87.84 98.07 OK
r-release-macos-arm64 0.2.0 36.00 NOTE
r-release-macos-x86_64 0.2.0 61.00 NOTE
r-release-windows-x86_64 0.2.0 49.00 107.00 156.00 OK
r-oldrel-macos-arm64 0.2.0 58.00 NOTE
r-oldrel-macos-x86_64 0.2.0 67.00 NOTE
r-oldrel-windows-ix86+x86_64 0.2.0 27.00 103.00 130.00 OK

Check Details

Version: 0.2.0
Check: dependencies in R code
Result: NOTE
    Namespace in Imports field not imported from: ‘methods’
     All declared Imports should be used.
Flavors: r-devel-linux-x86_64-fedora-clang, r-devel-linux-x86_64-fedora-gcc, r-release-macos-arm64, r-release-macos-x86_64, r-oldrel-macos-arm64, r-oldrel-macos-x86_64

Version: 0.2.0
Check: Rd cross-references
Result: NOTE
    Undeclared package ‘readr’ in Rd xrefs
Flavor: r-devel-linux-x86_64-fedora-clang