CRAN Package Check Results for Package xmpdf

Last updated on 2024-06-16 15:50:10 CEST.

Flavor Version Tinstall Tcheck Ttotal Status Flags
r-devel-linux-x86_64-debian-clang 0.2.1 6.68 116.38 123.06 OK
r-devel-linux-x86_64-debian-gcc 0.2.1 6.07 84.28 90.35 OK
r-devel-linux-x86_64-fedora-clang 0.2.1 159.26 NOTE
r-devel-linux-x86_64-fedora-gcc 0.2.1 173.82 NOTE
r-devel-windows-x86_64 0.2.1 7.00 81.00 88.00 OK
r-patched-linux-x86_64 0.2.1 7.65 110.30 117.95 OK
r-release-linux-x86_64 0.2.1 5.90 111.57 117.47 OK
r-release-macos-arm64 0.2.1 39.00 OK
r-release-macos-x86_64 0.2.1 59.00 OK
r-release-windows-x86_64 0.2.1 9.00 88.00 97.00 OK
r-oldrel-macos-arm64 0.2.1 46.00 OK
r-oldrel-macos-x86_64 0.2.1 93.00 OK
r-oldrel-windows-x86_64 0.2.1 9.00 87.00 96.00 OK

Check Details

Version: 0.2.1
Check: data for non-ASCII characters
Result: NOTE Note: found 3 marked UTF-8 strings Flavors: r-devel-linux-x86_64-fedora-clang, r-devel-linux-x86_64-fedora-gcc