Last updated on 2022-06-26 15:53:16 CEST.
Flavor | Version | Tinstall | Tcheck | Ttotal | Status | Flags |
---|---|---|---|---|---|---|
r-devel-linux-x86_64-debian-clang | 0.1.2 | 2.69 | 27.59 | 30.28 | OK | |
r-devel-linux-x86_64-debian-gcc | 0.1.2 | 1.92 | 21.28 | 23.20 | OK | |
r-devel-linux-x86_64-fedora-clang | 0.1.2 | 46.93 | OK | |||
r-devel-linux-x86_64-fedora-gcc | 0.1.2 | 46.24 | OK | |||
r-devel-windows-x86_64 | 0.1.2 | 12.00 | 51.00 | 63.00 | OK | |
r-patched-linux-x86_64 | 0.1.2 | 1.87 | 27.08 | 28.95 | OK | |
r-release-linux-x86_64 | 0.1.2 | 2.45 | 26.95 | 29.40 | OK | |
r-release-macos-arm64 | 0.1.2 | 14.00 | OK | |||
r-release-macos-x86_64 | 0.1.2 | 26.00 | NOTE | |||
r-release-windows-x86_64 | 0.1.2 | 13.00 | 54.00 | 67.00 | OK | |
r-oldrel-macos-arm64 | 0.1.2 | 18.00 | OK | |||
r-oldrel-macos-x86_64 | 0.1.2 | 27.00 | OK | |||
r-oldrel-windows-ix86+x86_64 | 0.1.2 | 7.00 | 45.00 | 52.00 | OK |
Version: 0.1.2
Check: package dependencies
Result: NOTE
Package suggested but not available for checking: ‘xlsx’
Flavor: r-release-macos-x86_64