CRAN Package Check Results for Package xgboost

Last updated on 2022-01-25 15:54:36 CET.

Flavor Version Tinstall Tcheck Ttotal Status Flags
r-devel-linux-x86_64-debian-clang 1.5.0.2 247.97 325.46 573.43 NOTE
r-devel-linux-x86_64-debian-gcc 1.5.0.2 204.15 244.17 448.32 NOTE
r-devel-linux-x86_64-fedora-clang 1.5.0.2 479.00 NOTE
r-devel-linux-x86_64-fedora-gcc 1.5.0.2 467.76 NOTE
r-devel-windows-x86_64-new-UL 1.5.0.2 483.00 387.00 870.00 NOTE
r-devel-windows-x86_64-new-TK 1.5.0.2 NOTE
r-patched-linux-x86_64 1.5.0.2 236.04 284.43 520.47 NOTE
r-release-linux-x86_64 1.5.0.2 225.80 283.94 509.74 NOTE
r-release-macos-arm64 1.5.0.2 NOTE
r-release-macos-x86_64 1.5.0.2 NOTE
r-release-windows-ix86+x86_64 1.5.0.2 466.00 469.00 935.00 NOTE
r-oldrel-macos-x86_64 1.5.0.2 NOTE
r-oldrel-windows-ix86+x86_64 1.5.0.2 467.00 467.00 934.00 NOTE

Check Details

Version: 1.5.0.2
Check: for GNU extensions in Makefiles
Result: NOTE
    GNU make is a SystemRequirements.
Flavors: r-devel-linux-x86_64-debian-clang, r-devel-linux-x86_64-debian-gcc, r-devel-linux-x86_64-fedora-clang, r-devel-linux-x86_64-fedora-gcc, r-devel-windows-x86_64-new-UL, r-devel-windows-x86_64-new-TK, r-patched-linux-x86_64, r-release-linux-x86_64, r-release-macos-arm64, r-release-macos-x86_64, r-release-windows-ix86+x86_64, r-oldrel-macos-x86_64, r-oldrel-windows-ix86+x86_64

Version: 1.5.0.2
Check: installed package size
Result: NOTE
     installed size is 32.5Mb
     sub-directories of 1Mb or more:
     libs 31.6Mb
Flavors: r-devel-linux-x86_64-fedora-clang, r-release-macos-arm64, r-release-macos-x86_64, r-release-windows-ix86+x86_64, r-oldrel-macos-x86_64, r-oldrel-windows-ix86+x86_64