Last updated on 2022-05-18 15:49:18 CEST.
Flavor | Version | Tinstall | Tcheck | Ttotal | Status | Flags |
---|---|---|---|---|---|---|
r-devel-linux-x86_64-debian-clang | 1.6.0 | 14.41 | 308.39 | 322.80 | OK | |
r-devel-linux-x86_64-debian-gcc | 1.6.0 | 9.07 | 216.48 | 225.55 | OK | |
r-devel-linux-x86_64-fedora-clang | 1.6.0 | 384.74 | NOTE | |||
r-devel-linux-x86_64-fedora-gcc | 1.6.0 | 383.98 | OK | |||
r-devel-windows-x86_64 | 1.6.0 | 45.00 | 350.00 | 395.00 | NOTE | |
r-patched-linux-x86_64 | 1.6.0 | 13.95 | 293.97 | 307.92 | OK | |
r-release-linux-x86_64 | 1.6.0 | 8.68 | 300.69 | 309.37 | OK | |
r-release-macos-arm64 | 1.6.0 | 94.00 | NOTE | |||
r-release-macos-x86_64 | 1.6.0 | 147.00 | NOTE | |||
r-release-windows-x86_64 | 1.6.0 | 70.00 | 349.00 | 419.00 | NOTE | |
r-oldrel-macos-arm64 | 1.6.0 | 100.00 | NOTE | |||
r-oldrel-macos-x86_64 | 1.6.0 | 137.00 | NOTE | |||
r-oldrel-windows-ix86+x86_64 | 1.6.0 | 19.00 | 351.00 | 370.00 | NOTE |
Version: 1.6.0
Check: installed package size
Result: NOTE
installed size is 6.3Mb
sub-directories of 1Mb or more:
doc 3.3Mb
extdata 2.4Mb
Flavors: r-devel-linux-x86_64-fedora-clang, r-devel-windows-x86_64, r-release-macos-arm64, r-release-macos-x86_64, r-release-windows-x86_64, r-oldrel-macos-arm64, r-oldrel-macos-x86_64, r-oldrel-windows-ix86+x86_64
Version: 1.6.0
Check: package dependencies
Result: NOTE
Package suggested but not available for checking: ‘ROTS’
Flavors: r-release-macos-arm64, r-release-macos-x86_64, r-oldrel-macos-arm64, r-oldrel-macos-x86_64