Last updated on 2022-05-27 04:56:52 CEST.
Flavor | Version | Tinstall | Tcheck | Ttotal | Status | Flags |
---|---|---|---|---|---|---|
r-devel-linux-x86_64-debian-clang | 0.1.0 | 3.13 | 39.28 | 42.41 | OK | |
r-devel-linux-x86_64-debian-gcc | 0.1.0 | 2.13 | 30.51 | 32.64 | OK | |
r-devel-linux-x86_64-fedora-clang | 0.1.0 | 51.13 | NOTE | |||
r-devel-linux-x86_64-fedora-gcc | 0.1.0 | 39.49 | NOTE | |||
r-devel-windows-x86_64 | 0.1.0 | 17.00 | 57.00 | 74.00 | OK | |
r-patched-linux-x86_64 | 0.1.0 | 2.75 | 38.17 | 40.92 | OK | |
r-release-linux-x86_64 | 0.1.0 | 1.82 | 37.43 | 39.25 | OK | |
r-release-macos-arm64 | 0.1.0 | 19.00 | NOTE | |||
r-release-macos-x86_64 | 0.1.0 | 28.00 | NOTE | |||
r-release-windows-x86_64 | 0.1.0 | 21.00 | 55.00 | 76.00 | OK | |
r-oldrel-macos-arm64 | 0.1.0 | 27.00 | NOTE | |||
r-oldrel-macos-x86_64 | 0.1.0 | 31.00 | NOTE | |||
r-oldrel-windows-ix86+x86_64 | 0.1.0 | 8.00 | 52.00 | 60.00 | OK |
Version: 0.1.0
Check: data for non-ASCII characters
Result: NOTE
Note: found 6738 marked UTF-8 strings
Flavors: r-devel-linux-x86_64-fedora-clang, r-devel-linux-x86_64-fedora-gcc, r-release-macos-arm64, r-release-macos-x86_64, r-oldrel-macos-arm64, r-oldrel-macos-x86_64