CRAN Package Check Results for Package wiqid

Last updated on 2022-05-25 15:50:51 CEST.

Flavor Version Tinstall Tcheck Ttotal Status Flags
r-devel-linux-x86_64-debian-clang 0.3.0 8.04 112.02 120.06 OK
r-devel-linux-x86_64-debian-gcc 0.3.0 7.02 82.73 89.75 OK
r-devel-linux-x86_64-fedora-clang 0.3.0 143.05 OK
r-devel-linux-x86_64-fedora-gcc 0.3.0 133.05 OK
r-devel-windows-x86_64 0.3.0 53.00 127.00 180.00 OK
r-patched-linux-x86_64 0.3.0 12.31 108.21 120.52 OK
r-release-linux-x86_64 0.3.0 OK
r-release-macos-arm64 0.3.0 39.00 OK
r-release-macos-x86_64 0.3.0 52.00 NOTE
r-release-windows-x86_64 0.3.0 47.00 126.00 173.00 OK
r-oldrel-macos-arm64 0.3.0 46.00 NOTE
r-oldrel-macos-x86_64 0.3.0 65.00 OK
r-oldrel-windows-ix86+x86_64 0.3.0 21.00 129.00 150.00 OK

Check Details

Version: 0.3.0
Check: package dependencies
Result: NOTE
    Package suggested but not available for checking: ‘rjags’
Flavors: r-release-macos-x86_64, r-oldrel-macos-arm64