Last updated on 2022-05-19 04:51:18 CEST.
Flavor | Version | Tinstall | Tcheck | Ttotal | Status | Flags |
---|---|---|---|---|---|---|
r-devel-linux-x86_64-debian-clang | 0.1.4 | 11.77 | 148.47 | 160.24 | OK | |
r-devel-linux-x86_64-debian-gcc | 0.1.4 | 9.36 | 109.86 | 119.22 | OK | |
r-devel-linux-x86_64-fedora-clang | 0.1.4 | 189.07 | NOTE | |||
r-devel-linux-x86_64-fedora-gcc | 0.1.4 | 194.37 | NOTE | |||
r-devel-windows-x86_64 | 0.1.4 | 24.00 | 190.00 | 214.00 | OK | |
r-patched-linux-x86_64 | 0.1.4 | 7.86 | 139.63 | 147.49 | OK | |
r-release-linux-x86_64 | 0.1.4 | 7.03 | 139.47 | 146.50 | OK | |
r-release-macos-arm64 | 0.1.4 | 56.00 | NOTE | |||
r-release-macos-x86_64 | 0.1.4 | 93.00 | NOTE | |||
r-release-windows-x86_64 | 0.1.4 | 21.00 | 196.00 | 217.00 | OK | |
r-oldrel-macos-arm64 | 0.1.4 | 70.00 | NOTE | |||
r-oldrel-macos-x86_64 | 0.1.4 | 75.00 | NOTE | |||
r-oldrel-windows-ix86+x86_64 | 0.1.4 | 27.00 | 180.00 | 207.00 | OK |
Version: 0.1.4
Check: dependencies in R code
Result: NOTE
Namespace in Imports field not imported from: ‘gapminder’
All declared Imports should be used.
Flavors: r-devel-linux-x86_64-fedora-clang, r-devel-linux-x86_64-fedora-gcc, r-release-macos-arm64, r-release-macos-x86_64, r-oldrel-macos-arm64, r-oldrel-macos-x86_64