Last updated on 2023-12-07 15:48:37 CET.
Flavor | Version | Tinstall | Tcheck | Ttotal | Status | Flags |
---|---|---|---|---|---|---|
r-devel-linux-x86_64-debian-clang | 0.1.2 | 8.14 | 145.82 | 153.96 | NOTE | |
r-devel-linux-x86_64-debian-gcc | 0.1.2 | 6.27 | 108.19 | 114.46 | NOTE | |
r-devel-linux-x86_64-fedora-clang | 0.1.2 | 199.68 | NOTE | |||
r-devel-linux-x86_64-fedora-gcc | 0.1.2 | 178.71 | NOTE | |||
r-devel-windows-x86_64 | 0.1.2 | 9.00 | 121.00 | 130.00 | NOTE | |
r-patched-linux-x86_64 | 0.1.2 | 6.89 | 143.61 | 150.50 | OK | |
r-release-linux-x86_64 | 0.1.2 | 5.73 | 137.26 | 142.99 | OK | |
r-release-macos-arm64 | 0.1.2 | 51.00 | NOTE | |||
r-release-macos-x86_64 | 0.1.2 | 82.00 | NOTE | |||
r-release-windows-x86_64 | 0.1.2 | 11.00 | 155.00 | 166.00 | OK | |
r-oldrel-macos-arm64 | 0.1.2 | 64.00 | OK | |||
r-oldrel-macos-x86_64 | 0.1.2 | 96.00 | OK | |||
r-oldrel-windows-x86_64 | 0.1.2 | 12.00 | 149.00 | 161.00 | OK |
Version: 0.1.2
Check: Rd \usage sections
Result: NOTE
Documented arguments not in \usage in Rd file 'remove_empty.Rd':
‘quiet’
Documented arguments not in \usage in Rd file 'undoHistory.Rd':
‘class’ ‘btn_class’ ‘back_text’ ‘fwd_text’ ‘back_title’ ‘fwd_title’
‘back_icon’ ‘fwd_icon’
Functions with \usage entries need to have the appropriate \alias
entries, and all their arguments documented.
The \usage entries must correspond to syntactically valid R code.
See chapter ‘Writing R documentation files’ in the ‘Writing R
Extensions’ manual.
Flavors: r-devel-linux-x86_64-debian-clang, r-devel-linux-x86_64-debian-gcc, r-devel-linux-x86_64-fedora-clang, r-devel-linux-x86_64-fedora-gcc, r-devel-windows-x86_64
Version: 0.1.2
Check: package dependencies
Result: NOTE
Package suggested but not available for checking: ‘anomalize’
Flavors: r-release-macos-arm64, r-release-macos-x86_64