CRAN Package Check Results for Package wdman

Last updated on 2022-08-15 03:53:03 CEST.

Flavor Version Tinstall Tcheck Ttotal Status Flags
r-devel-linux-x86_64-debian-clang 0.2.5 3.90 36.93 40.83 NOTE
r-devel-linux-x86_64-debian-gcc 0.2.5 2.89 28.94 31.83 NOTE
r-devel-linux-x86_64-fedora-clang 0.2.5 60.26 NOTE
r-devel-linux-x86_64-fedora-gcc 0.2.5 58.36 NOTE
r-devel-windows-x86_64 0.2.5 11.00 67.00 78.00 NOTE
r-patched-linux-x86_64 0.2.5 2.76 36.17 38.93 NOTE
r-release-linux-x86_64 0.2.5 3.76 36.42 40.18 NOTE
r-release-macos-arm64 0.2.5 20.00 NOTE
r-release-macos-x86_64 0.2.5 28.00 NOTE
r-release-windows-x86_64 0.2.5 12.00 69.00 81.00 NOTE
r-oldrel-macos-arm64 0.2.5 23.00 NOTE
r-oldrel-macos-x86_64 0.2.5 39.00 NOTE
r-oldrel-windows-ix86+x86_64 0.2.5 9.00 58.00 67.00 NOTE

Check Details

Version: 0.2.5
Check: LazyData
Result: NOTE
     'LazyData' is specified without a 'data' directory
Flavors: r-devel-linux-x86_64-debian-clang, r-devel-linux-x86_64-debian-gcc, r-devel-linux-x86_64-fedora-clang, r-devel-linux-x86_64-fedora-gcc, r-devel-windows-x86_64, r-patched-linux-x86_64, r-release-linux-x86_64, r-release-macos-arm64, r-release-macos-x86_64, r-release-windows-x86_64, r-oldrel-macos-arm64, r-oldrel-macos-x86_64, r-oldrel-windows-ix86+x86_64