CRAN Package Check Results for Package warabandi

Last updated on 2022-06-28 03:51:47 CEST.

Flavor Version Tinstall Tcheck Ttotal Status Flags
r-devel-linux-x86_64-debian-clang 0.1.0 2.34 30.37 32.71 OK
r-devel-linux-x86_64-debian-gcc 0.1.0 1.45 23.54 24.99 OK
r-devel-linux-x86_64-fedora-clang 0.1.0 50.22 NOTE
r-devel-linux-x86_64-fedora-gcc 0.1.0 49.11 NOTE
r-devel-windows-x86_64 0.1.0 8.00 58.00 66.00 OK
r-patched-linux-x86_64 0.1.0 2.45 29.24 31.69 OK
r-release-linux-x86_64 0.1.0 2.00 28.93 30.93 OK
r-release-macos-arm64 0.1.0 19.00 NOTE
r-release-macos-x86_64 0.1.0 25.00 NOTE
r-release-windows-x86_64 0.1.0 13.00 58.00 71.00 OK
r-oldrel-macos-arm64 0.1.0 20.00 NOTE
r-oldrel-macos-x86_64 0.1.0 23.00 NOTE
r-oldrel-windows-ix86+x86_64 0.1.0 7.00 49.00 56.00 OK

Check Details

Version: 0.1.0
Check: dependencies in R code
Result: NOTE
    Namespace in Imports field not imported from: ‘flextable’
     All declared Imports should be used.
Flavors: r-devel-linux-x86_64-fedora-clang, r-devel-linux-x86_64-fedora-gcc, r-release-macos-arm64, r-release-macos-x86_64, r-oldrel-macos-arm64, r-oldrel-macos-x86_64