Last updated on 2023-09-22 04:01:27 CEST.
Flavor | Version | Tinstall | Tcheck | Ttotal | Status | Flags |
---|---|---|---|---|---|---|
r-devel-linux-x86_64-debian-clang | 1.1.0 | 2.58 | 25.48 | 28.06 | OK | |
r-devel-linux-x86_64-debian-gcc | 1.1.0 | 1.88 | 19.85 | 21.73 | OK | |
r-devel-linux-x86_64-fedora-clang | 1.1.0 | 36.08 | NOTE | |||
r-devel-linux-x86_64-fedora-gcc | 1.1.0 | 34.71 | NOTE | |||
r-devel-windows-x86_64 | 1.1.0 | 5.00 | 45.00 | 50.00 | OK | |
r-patched-linux-x86_64 | 1.1.0 | 3.58 | 24.67 | 28.25 | OK | |
r-release-linux-x86_64 | 1.1.0 | 3.70 | 25.06 | 28.76 | OK | |
r-release-macos-arm64 | 1.1.0 | 18.00 | OK | |||
r-release-macos-x86_64 | 1.1.0 | 22.00 | OK | |||
r-release-windows-x86_64 | 1.1.0 | 6.00 | 46.00 | 52.00 | OK | |
r-oldrel-macos-arm64 | 1.1.0 | 15.00 | NOTE | |||
r-oldrel-macos-x86_64 | 1.1.0 | 22.00 | NOTE | |||
r-oldrel-windows-x86_64 | 1.1.0 | 5.00 | 45.00 | 50.00 | OK |
Version: 1.1.0
Check: dependencies in R code
Result: NOTE
Namespace in Imports field not imported from: ‘R6’
All declared Imports should be used.
Flavors: r-devel-linux-x86_64-fedora-clang, r-devel-linux-x86_64-fedora-gcc, r-oldrel-macos-arm64, r-oldrel-macos-x86_64