CRAN Package Check Results for Package vstsr

Last updated on 2022-09-28 15:50:11 CEST.

Flavor Version Tinstall Tcheck Ttotal Status Flags
r-devel-linux-x86_64-debian-clang 1.1.0 3.50 25.57 29.07 OK
r-devel-linux-x86_64-debian-gcc 1.1.0 2.74 20.33 23.07 OK
r-devel-linux-x86_64-fedora-clang 1.1.0 48.20 NOTE
r-devel-linux-x86_64-fedora-gcc 1.1.0 46.12 NOTE
r-devel-windows-x86_64 1.1.0 10.00 58.00 68.00 OK
r-patched-linux-x86_64 1.1.0 3.61 24.97 28.58 OK
r-release-linux-x86_64 1.1.0 3.41 24.53 27.94 OK
r-release-macos-arm64 1.1.0 15.00 NOTE
r-release-macos-x86_64 1.1.0 22.00 NOTE
r-release-windows-x86_64 1.1.0 13.00 51.00 64.00 OK
r-oldrel-macos-arm64 1.1.0 20.00 NOTE
r-oldrel-macos-x86_64 1.1.0 24.00 NOTE
r-oldrel-windows-ix86+x86_64 1.1.0 7.00 48.00 55.00 OK

Check Details

Version: 1.1.0
Check: dependencies in R code
Result: NOTE
    Namespace in Imports field not imported from: ‘R6’
     All declared Imports should be used.
Flavors: r-devel-linux-x86_64-fedora-clang, r-devel-linux-x86_64-fedora-gcc, r-release-macos-arm64, r-release-macos-x86_64, r-oldrel-macos-arm64, r-oldrel-macos-x86_64