CRAN Package Check Results for Package vmr

Last updated on 2022-07-02 15:52:33 CEST.

Flavor Version Tinstall Tcheck Ttotal Status Flags
r-devel-linux-x86_64-debian-clang 0.0.3 4.01 41.61 45.62 NOTE
r-devel-linux-x86_64-debian-gcc 0.0.3 2.81 32.24 35.05 NOTE
r-devel-linux-x86_64-fedora-clang 0.0.3 65.24 NOTE
r-devel-linux-x86_64-fedora-gcc 0.0.3 63.63 NOTE
r-devel-windows-x86_64 0.0.3 44.00 97.00 141.00 NOTE
r-patched-linux-x86_64 0.0.3 3.76 40.69 44.45 NOTE
r-release-linux-x86_64 0.0.3 3.66 40.46 44.12 NOTE
r-release-macos-arm64 0.0.3 25.00 NOTE
r-release-macos-x86_64 0.0.3 36.00 NOTE
r-release-windows-x86_64 0.0.3 50.00 109.00 159.00 NOTE
r-oldrel-macos-arm64 0.0.3 30.00 NOTE
r-oldrel-macos-x86_64 0.0.3 48.00 NOTE
r-oldrel-windows-ix86+x86_64 0.0.3 10.00 73.00 83.00 NOTE

Check Details

Version: 0.0.3
Check: LazyData
Result: NOTE
     'LazyData' is specified without a 'data' directory
Flavors: r-devel-linux-x86_64-debian-clang, r-devel-linux-x86_64-debian-gcc, r-devel-linux-x86_64-fedora-clang, r-devel-linux-x86_64-fedora-gcc, r-devel-windows-x86_64, r-patched-linux-x86_64, r-release-linux-x86_64, r-release-macos-arm64, r-release-macos-x86_64, r-release-windows-x86_64, r-oldrel-macos-arm64, r-oldrel-macos-x86_64, r-oldrel-windows-ix86+x86_64

Version: 0.0.3
Check: Rd cross-references
Result: NOTE
    Undeclared package ‘devtools’ in Rd xrefs
Flavor: r-devel-linux-x86_64-fedora-clang