CRAN Package Check Results for Package visualFields

Last updated on 2022-06-27 15:53:57 CEST.

Flavor Version Tinstall Tcheck Ttotal Status Flags
r-devel-linux-x86_64-debian-clang 1.0.1 28.88 169.30 198.18 OK
r-devel-linux-x86_64-debian-gcc 1.0.1 24.38 126.80 151.18 OK
r-devel-linux-x86_64-fedora-clang 1.0.1 253.57 WARN
r-devel-linux-x86_64-fedora-gcc 1.0.1 245.81 WARN
r-devel-windows-x86_64 1.0.1 157.00 168.00 325.00 NOTE
r-patched-linux-x86_64 1.0.1 36.89 164.35 201.24 OK
r-release-linux-x86_64 1.0.1 23.38 163.02 186.40 OK
r-release-macos-arm64 1.0.1 68.00 NOTE
r-release-macos-x86_64 1.0.1 122.00 NOTE
r-release-windows-x86_64 1.0.1 151.00 179.00 330.00 NOTE
r-oldrel-macos-arm64 1.0.1 73.00 NOTE
r-oldrel-macos-x86_64 1.0.1 88.00 NOTE
r-oldrel-windows-ix86+x86_64 1.0.1 59.00 182.00 241.00 NOTE

Check Details

Version: 1.0.1
Check: package dependencies
Result: WARN
    Requires orphaned package: ‘gtools’
Flavors: r-devel-linux-x86_64-fedora-clang, r-devel-linux-x86_64-fedora-gcc

Version: 1.0.1
Check: installed package size
Result: NOTE
     installed size is 6.1Mb
     sub-directories of 1Mb or more:
     data 5.7Mb
Flavors: r-devel-linux-x86_64-fedora-clang, r-devel-windows-x86_64, r-release-macos-arm64, r-release-macos-x86_64, r-release-windows-x86_64, r-oldrel-macos-arm64, r-oldrel-macos-x86_64, r-oldrel-windows-ix86+x86_64