CRAN Package Check Results for Package visTree

Last updated on 2022-05-24 15:53:01 CEST.

Flavor Version Tinstall Tcheck Ttotal Status Flags
r-devel-linux-x86_64-debian-clang 0.8.1 9.17 94.83 104.00 OK
r-devel-linux-x86_64-debian-gcc 0.8.1 6.17 73.47 79.64 OK
r-devel-linux-x86_64-fedora-clang 0.8.1 122.58 NOTE
r-devel-linux-x86_64-fedora-gcc 0.8.1 110.98 NOTE
r-devel-windows-x86_64 0.8.1 16.00 123.00 139.00 OK
r-patched-linux-x86_64 0.8.1 9.30 90.73 100.03 OK
r-release-linux-x86_64 0.8.1 OK
r-release-macos-arm64 0.8.1 41.00 NOTE
r-release-macos-x86_64 0.8.1 56.00 NOTE
r-release-windows-x86_64 0.8.1 19.00 120.00 139.00 OK
r-oldrel-macos-arm64 0.8.1 44.00 NOTE
r-oldrel-macos-x86_64 0.8.1 76.00 NOTE
r-oldrel-windows-ix86+x86_64 0.8.1 18.00 107.00 125.00 OK

Check Details

Version: 0.8.1
Check: dependencies in R code
Result: NOTE
    Namespace in Imports field not imported from: ‘rpart’
     All declared Imports should be used.
Flavors: r-devel-linux-x86_64-fedora-clang, r-devel-linux-x86_64-fedora-gcc, r-release-macos-arm64, r-release-macos-x86_64, r-oldrel-macos-arm64, r-oldrel-macos-x86_64