CRAN Package Check Results for Package viridis

Last updated on 2022-05-17 15:53:31 CEST.

Flavor Version Tinstall Tcheck Ttotal Status Flags
r-devel-linux-x86_64-debian-clang 0.6.2 5.32 92.23 97.55 OK
r-devel-linux-x86_64-debian-gcc 0.6.2 4.84 69.76 74.60 OK
r-devel-linux-x86_64-fedora-clang 0.6.2 116.34 NOTE
r-devel-linux-x86_64-fedora-gcc 0.6.2 110.90 NOTE
r-devel-windows-x86_64 0.6.2 20.00 100.00 120.00 OK --no-vignettes
r-patched-linux-x86_64 0.6.2 5.45 88.22 93.67 OK
r-release-linux-x86_64 0.6.2 4.67 86.78 91.45 OK
r-release-macos-arm64 0.6.2 37.00 NOTE
r-release-macos-x86_64 0.6.2 65.00 NOTE
r-release-windows-x86_64 0.6.2 19.00 106.00 125.00 OK --no-vignettes
r-oldrel-macos-arm64 0.6.2 38.00 NOTE
r-oldrel-macos-x86_64 0.6.2 47.00 NOTE
r-oldrel-windows-ix86+x86_64 0.6.2 16.00 84.00 100.00 OK --no-vignettes

Check Details

Version: 0.6.2
Check: dependencies in R code
Result: NOTE
    Namespace in Imports field not imported from: ‘stats’
     All declared Imports should be used.
Flavors: r-devel-linux-x86_64-fedora-clang, r-devel-linux-x86_64-fedora-gcc, r-release-macos-arm64, r-release-macos-x86_64, r-oldrel-macos-arm64, r-oldrel-macos-x86_64