Last updated on 2022-05-21 04:59:24 CEST.
Flavor | Version | Tinstall | Tcheck | Ttotal | Status | Flags |
---|---|---|---|---|---|---|
r-devel-linux-x86_64-debian-clang | 1.0.0 | 20.08 | 214.83 | 234.91 | NOTE | |
r-devel-linux-x86_64-debian-gcc | 1.0.0 | 18.27 | 160.27 | 178.54 | NOTE | |
r-devel-linux-x86_64-fedora-clang | 1.0.0 | 288.02 | NOTE | |||
r-devel-linux-x86_64-fedora-gcc | 1.0.0 | 236.30 | NOTE | |||
r-devel-windows-x86_64 | 1.0.0 | 25.00 | 226.00 | 251.00 | NOTE | |
r-patched-linux-x86_64 | 1.0.0 | 20.58 | 204.95 | 225.53 | NOTE | |
r-release-linux-x86_64 | 1.0.0 | 15.70 | 203.80 | 219.50 | NOTE | |
r-release-macos-arm64 | 1.0.0 | 54.00 | NOTE | |||
r-release-macos-x86_64 | 1.0.0 | 7.00 | ERROR | |||
r-release-windows-x86_64 | 1.0.0 | 24.00 | 214.00 | 238.00 | NOTE | |
r-oldrel-macos-arm64 | 1.0.0 | 6.00 | ERROR | |||
r-oldrel-macos-x86_64 | 1.0.0 | 6.00 | ERROR | |||
r-oldrel-windows-ix86+x86_64 | 1.0.0 | 45.00 | 211.00 | 256.00 | NOTE |
Version: 1.0.0
Check: LazyData
Result: NOTE
'LazyData' is specified without a 'data' directory
Flavors: r-devel-linux-x86_64-debian-clang, r-devel-linux-x86_64-debian-gcc, r-devel-linux-x86_64-fedora-clang, r-devel-linux-x86_64-fedora-gcc, r-devel-windows-x86_64, r-patched-linux-x86_64, r-release-linux-x86_64, r-release-macos-arm64, r-release-windows-x86_64, r-oldrel-windows-ix86+x86_64
Version: 1.0.0
Check: package dependencies
Result: ERROR
Package required but not available: ‘coRdon’
See section ‘The DESCRIPTION file’ in the ‘Writing R Extensions’
manual.
Flavors: r-release-macos-x86_64, r-oldrel-macos-arm64, r-oldrel-macos-x86_64