CRAN Package Check Results for Package vegtable

Last updated on 2022-06-30 03:53:38 CEST.

Flavor Version Tinstall Tcheck Ttotal Status Flags
r-devel-linux-x86_64-debian-clang 0.1.7 13.39 121.03 134.42 OK
r-devel-linux-x86_64-debian-gcc 0.1.7 11.44 93.24 104.68 OK
r-devel-linux-x86_64-fedora-clang 0.1.7 164.12 NOTE
r-devel-linux-x86_64-fedora-gcc 0.1.7 162.29 NOTE
r-devel-windows-x86_64 0.1.7 93.00 145.00 238.00 OK
r-patched-linux-x86_64 0.1.7 18.90 115.13 134.03 OK
r-release-linux-x86_64 0.1.7 10.56 116.34 126.90 OK
r-release-macos-arm64 0.1.7 48.00 NOTE
r-release-macos-x86_64 0.1.7 82.00 NOTE
r-release-windows-x86_64 0.1.7 102.00 150.00 252.00 OK
r-oldrel-macos-arm64 0.1.7 44.00 NOTE
r-oldrel-macos-x86_64 0.1.7 57.00 NOTE
r-oldrel-windows-ix86+x86_64 0.1.7 31.00 139.00 170.00 OK

Check Details

Version: 0.1.7
Check: dependencies in R code
Result: NOTE
    Namespace in Imports field not imported from: ‘knitr’
     All declared Imports should be used.
Flavors: r-devel-linux-x86_64-fedora-clang, r-devel-linux-x86_64-fedora-gcc, r-release-macos-arm64, r-release-macos-x86_64, r-oldrel-macos-arm64, r-oldrel-macos-x86_64

Version: 0.1.7
Check: Rd cross-references
Result: NOTE
    Undeclared package ‘stringdist’ in Rd xrefs
Flavor: r-devel-linux-x86_64-fedora-clang

Version: 0.1.7
Check: data for non-ASCII characters
Result: NOTE
     Note: found 128 marked UTF-8 strings
Flavors: r-devel-linux-x86_64-fedora-clang, r-devel-linux-x86_64-fedora-gcc, r-release-macos-arm64, r-release-macos-x86_64, r-oldrel-macos-arm64, r-oldrel-macos-x86_64