Last updated on 2023-09-21 05:10:05 CEST.
Flavor | Version | Tinstall | Tcheck | Ttotal | Status | Flags |
---|---|---|---|---|---|---|
r-devel-linux-x86_64-debian-clang | 1.2.2 | 21.71 | 93.38 | 115.09 | OK | |
r-devel-linux-x86_64-debian-gcc | 1.2.2 | 17.98 | 69.65 | 87.63 | OK | |
r-devel-linux-x86_64-fedora-clang | 1.2.2 | 144.21 | NOTE | |||
r-devel-linux-x86_64-fedora-gcc | 1.2.2 | 157.15 | OK | |||
r-devel-windows-x86_64 | 1.2.2 | 21.00 | 108.00 | 129.00 | NOTE | |
r-patched-linux-x86_64 | 1.2.2 | 22.78 | 89.11 | 111.89 | OK | |
r-release-linux-x86_64 | 1.2.2 | 23.24 | 90.21 | 113.45 | OK | |
r-release-macos-arm64 | 1.2.2 | 64.00 | NOTE | |||
r-release-macos-x86_64 | 1.2.2 | 131.00 | NOTE | |||
r-release-windows-x86_64 | 1.2.2 | 27.00 | 126.00 | 153.00 | NOTE | |
r-oldrel-macos-arm64 | 1.2.2 | 66.00 | NOTE | |||
r-oldrel-macos-x86_64 | 1.2.2 | 78.00 | NOTE | |||
r-oldrel-windows-x86_64 | 1.2.2 | 30.00 | 114.00 | 144.00 | NOTE |
Version: 1.2.2
Check: installed package size
Result: NOTE
installed size is 8.6Mb
sub-directories of 1Mb or more:
doc 7.5Mb
Flavors: r-devel-linux-x86_64-fedora-clang, r-devel-windows-x86_64, r-release-macos-arm64, r-release-macos-x86_64, r-release-windows-x86_64, r-oldrel-macos-arm64, r-oldrel-macos-x86_64, r-oldrel-windows-x86_64