CRAN Package Check Results for Package varbin

Last updated on 2022-05-28 03:54:59 CEST.

Flavor Version Tinstall Tcheck Ttotal Status Flags
r-devel-linux-x86_64-debian-clang 0.2.1 2.36 32.21 34.57 NOTE
r-devel-linux-x86_64-debian-gcc 0.2.1 2.07 25.48 27.55 NOTE
r-devel-linux-x86_64-fedora-clang 0.2.1 43.21 NOTE
r-devel-linux-x86_64-fedora-gcc 0.2.1 32.47 NOTE
r-devel-windows-x86_64 0.2.1 8.00 37.00 45.00 NOTE
r-patched-linux-x86_64 0.2.1 2.05 31.87 33.92 NOTE
r-release-linux-x86_64 0.2.1 2.21 31.45 33.66 NOTE
r-release-macos-arm64 0.2.1 14.00 NOTE
r-release-macos-x86_64 0.2.1 22.00 NOTE
r-release-windows-x86_64 0.2.1 7.00 37.00 44.00 NOTE
r-oldrel-macos-arm64 0.2.1 16.00 NOTE
r-oldrel-macos-x86_64 0.2.1 29.00 NOTE
r-oldrel-windows-ix86+x86_64 0.2.1 7.00 34.00 41.00 NOTE

Check Details

Version: 0.2.1
Check: LazyData
Result: NOTE
     'LazyData' is specified without a 'data' directory
Flavors: r-devel-linux-x86_64-debian-clang, r-devel-linux-x86_64-debian-gcc, r-devel-linux-x86_64-fedora-clang, r-devel-linux-x86_64-fedora-gcc, r-devel-windows-x86_64, r-patched-linux-x86_64, r-release-linux-x86_64, r-release-macos-arm64, r-release-macos-x86_64, r-release-windows-x86_64, r-oldrel-macos-arm64, r-oldrel-macos-x86_64, r-oldrel-windows-ix86+x86_64