Last updated on 2022-06-28 03:51:46 CEST.
Flavor | Version | Tinstall | Tcheck | Ttotal | Status | Flags |
---|---|---|---|---|---|---|
r-devel-linux-x86_64-debian-clang | 0.9.0 | 36.82 | 64.73 | 101.55 | NOTE | |
r-devel-linux-x86_64-debian-gcc | 0.9.0 | 29.60 | 48.28 | 77.88 | NOTE | |
r-devel-linux-x86_64-fedora-clang | 0.9.0 | 142.99 | NOTE | |||
r-devel-linux-x86_64-fedora-gcc | 0.9.0 | 133.05 | NOTE | |||
r-devel-windows-x86_64 | 0.9.0 | 40.00 | 111.00 | 151.00 | NOTE | |
r-patched-linux-x86_64 | 0.9.0 | 27.99 | 58.68 | 86.67 | NOTE | |
r-release-linux-x86_64 | 0.9.0 | 30.56 | 57.31 | 87.87 | NOTE | |
r-release-macos-arm64 | 0.9.0 | 41.00 | NOTE | |||
r-release-macos-x86_64 | 0.9.0 | 55.00 | NOTE | |||
r-release-windows-x86_64 | 0.9.0 | 38.00 | 110.00 | 148.00 | NOTE | |
r-oldrel-macos-arm64 | 0.9.0 | 41.00 | NOTE | |||
r-oldrel-macos-x86_64 | 0.9.0 | 86.00 | NOTE | |||
r-oldrel-windows-ix86+x86_64 | 0.9.0 | 88.00 | 128.00 | 216.00 | NOTE |
Version: 0.9.0
Check: LazyData
Result: NOTE
'LazyData' is specified without a 'data' directory
Flavors: r-devel-linux-x86_64-debian-clang, r-devel-linux-x86_64-debian-gcc, r-devel-linux-x86_64-fedora-clang, r-devel-linux-x86_64-fedora-gcc, r-devel-windows-x86_64, r-patched-linux-x86_64, r-release-linux-x86_64, r-release-macos-arm64, r-release-macos-x86_64, r-release-windows-x86_64, r-oldrel-macos-arm64, r-oldrel-macos-x86_64, r-oldrel-windows-ix86+x86_64
Version: 0.9.0
Check: compiled code
Result: NOTE
File ‘varband/libs/varband.so’:
Found no calls to: ‘R_registerRoutines’, ‘R_useDynamicSymbols’
It is good practice to register native routines and to disable symbol
search.
See ‘Writing portable packages’ in the ‘Writing R Extensions’ manual.
Flavors: r-devel-linux-x86_64-fedora-clang, r-devel-linux-x86_64-fedora-gcc