CRAN Package Check Results for Package varEst

Last updated on 2024-07-20 03:49:18 CEST.

Flavor Version Tinstall Tcheck Ttotal Status Flags
r-devel-linux-x86_64-debian-clang 0.1.0 13.90 138.18 152.08 NOTE
r-devel-linux-x86_64-debian-gcc 0.1.0 13.46 99.80 113.26 NOTE
r-devel-linux-x86_64-fedora-clang 0.1.0 190.30 NOTE
r-devel-linux-x86_64-fedora-gcc 0.1.0 176.92 NOTE
r-devel-windows-x86_64 0.1.0 14.00 104.00 118.00 NOTE
r-patched-linux-x86_64 0.1.0 9.49 131.26 140.75 NOTE
r-release-linux-x86_64 0.1.0 10.64 130.15 140.79 NOTE
r-release-macos-arm64 0.1.0 48.00 NOTE
r-release-macos-x86_64 0.1.0 86.00 NOTE
r-release-windows-x86_64 0.1.0 14.00 106.00 120.00 NOTE
r-oldrel-macos-arm64 0.1.0 54.00 NOTE
r-oldrel-macos-x86_64 0.1.0 93.00 NOTE
r-oldrel-windows-x86_64 0.1.0 18.00 131.00 149.00 NOTE

Check Details

Version: 0.1.0
Check: LazyData
Result: NOTE 'LazyData' is specified without a 'data' directory Flavors: r-devel-linux-x86_64-debian-clang, r-devel-linux-x86_64-debian-gcc, r-devel-linux-x86_64-fedora-clang, r-devel-linux-x86_64-fedora-gcc, r-devel-windows-x86_64, r-patched-linux-x86_64, r-release-linux-x86_64, r-release-macos-arm64, r-release-macos-x86_64, r-release-windows-x86_64, r-oldrel-macos-arm64, r-oldrel-macos-x86_64, r-oldrel-windows-x86_64