CRAN Package Check Results for Package varEst

Last updated on 2022-05-28 15:51:12 CEST.

Flavor Version Tinstall Tcheck Ttotal Status Flags
r-devel-linux-x86_64-debian-clang 0.1.0 15.06 152.86 167.92 NOTE
r-devel-linux-x86_64-debian-gcc 0.1.0 13.42 113.78 127.20 NOTE
r-devel-linux-x86_64-fedora-clang 0.1.0 194.08 NOTE
r-devel-linux-x86_64-fedora-gcc 0.1.0 184.40 NOTE
r-devel-windows-x86_64 0.1.0 19.00 151.00 170.00 NOTE
r-patched-linux-x86_64 0.1.0 16.58 139.82 156.40 NOTE
r-release-linux-x86_64 0.1.0 13.53 142.37 155.90 NOTE
r-release-macos-arm64 0.1.0 53.00 NOTE
r-release-macos-x86_64 0.1.0 101.00 NOTE
r-release-windows-x86_64 0.1.0 21.00 149.00 170.00 NOTE
r-oldrel-macos-arm64 0.1.0 49.00 NOTE
r-oldrel-macos-x86_64 0.1.0 100.00 NOTE
r-oldrel-windows-ix86+x86_64 0.1.0 37.00 160.00 197.00 NOTE

Check Details

Version: 0.1.0
Check: LazyData
Result: NOTE
     'LazyData' is specified without a 'data' directory
Flavors: r-devel-linux-x86_64-debian-clang, r-devel-linux-x86_64-debian-gcc, r-devel-linux-x86_64-fedora-clang, r-devel-linux-x86_64-fedora-gcc, r-devel-windows-x86_64, r-patched-linux-x86_64, r-release-linux-x86_64, r-release-macos-arm64, r-release-macos-x86_64, r-release-windows-x86_64, r-oldrel-macos-arm64, r-oldrel-macos-x86_64, r-oldrel-windows-ix86+x86_64