CRAN Package Check Results for Package vannstats

Last updated on 2022-05-25 04:55:40 CEST.

Flavor Version Tinstall Tcheck Ttotal Status Flags
r-devel-linux-x86_64-debian-clang 1.2.4.29 9.06 81.53 90.59 OK
r-devel-linux-x86_64-debian-gcc 1.2.4.29 6.94 60.26 67.20 OK
r-devel-linux-x86_64-fedora-clang 1.2.4.29 106.32 NOTE
r-devel-linux-x86_64-fedora-gcc 1.2.4.29 93.10 NOTE
r-devel-windows-x86_64 1.2.4.29 28.00 100.00 128.00 OK
r-patched-linux-x86_64 1.2.4.29 8.35 76.29 84.64 OK
r-release-linux-x86_64 1.2.4.29 OK
r-release-macos-arm64 1.2.4.29 30.00 NOTE
r-release-macos-x86_64 1.2.4.29 46.00 NOTE
r-release-windows-x86_64 1.2.4.29 31.00 103.00 134.00 OK
r-oldrel-macos-arm64 1.2.4.29 30.00 NOTE
r-oldrel-macos-x86_64 1.2.4.29 44.00 NOTE
r-oldrel-windows-ix86+x86_64 1.2.4.29 24.00 93.00 117.00 OK

Check Details

Version: 1.2.4.29
Check: dependencies in R code
Result: NOTE
    Namespaces in Imports field not imported from:
     ‘MASS’ ‘car’ ‘tidyverse’
     All declared Imports should be used.
Flavors: r-devel-linux-x86_64-fedora-clang, r-devel-linux-x86_64-fedora-gcc, r-release-macos-arm64, r-release-macos-x86_64, r-oldrel-macos-arm64, r-oldrel-macos-x86_64