CRAN Package Check Results for Package vagam

Last updated on 2024-05-25 15:49:58 CEST.

Flavor Version Tinstall Tcheck Ttotal Status Flags
r-devel-linux-x86_64-debian-clang 1.1 11.67 95.83 107.50 NOTE
r-devel-linux-x86_64-debian-gcc 1.1 9.31 68.64 77.95 NOTE
r-devel-linux-x86_64-fedora-clang 1.1 130.56 NOTE
r-devel-linux-x86_64-fedora-gcc 1.1 123.19 NOTE
r-devel-windows-x86_64 1.1 10.00 80.00 90.00 NOTE
r-patched-linux-x86_64 1.1 7.42 88.20 95.62 NOTE
r-release-linux-x86_64 1.1 11.37 86.70 98.07 NOTE
r-release-macos-arm64 1.1 39.00 NOTE
r-release-windows-x86_64 1.1 11.00 80.00 91.00 NOTE
r-oldrel-macos-arm64 1.1 43.00 OK
r-oldrel-macos-x86_64 1.1 67.00 OK
r-oldrel-windows-x86_64 1.1 14.00 101.00 115.00 OK

Check Details

Version: 1.1
Check: Rd files
Result: NOTE checkRd: (-1) summary.vagam.Rd:23: Lost braces in \itemize; \value handles \item{}{} directly checkRd: (-1) summary.vagam.Rd:24: Lost braces in \itemize; \value handles \item{}{} directly checkRd: (-1) summary.vagam.Rd:25: Lost braces in \itemize; \value handles \item{}{} directly checkRd: (-1) summary.vagam.Rd:26: Lost braces in \itemize; \value handles \item{}{} directly checkRd: (-1) summary.vagam.Rd:27: Lost braces in \itemize; \value handles \item{}{} directly checkRd: (-1) summary.vagam.Rd:28: Lost braces in \itemize; \value handles \item{}{} directly checkRd: (-1) summary.vagam.Rd:29: Lost braces in \itemize; \value handles \item{}{} directly checkRd: (-1) summary.vagam.Rd:30: Lost braces in \itemize; \value handles \item{}{} directly checkRd: (-1) summary.vagam.Rd:31: Lost braces in \itemize; \value handles \item{}{} directly checkRd: (-1) vagam.Rd:32: Lost braces in \itemize; meant \describe ? checkRd: (-1) vagam.Rd:33: Lost braces in \itemize; meant \describe ? checkRd: (-1) vagam.Rd:34: Lost braces in \itemize; meant \describe ? checkRd: (-1) vagam.Rd:62: Lost braces in \itemize; \value handles \item{}{} directly checkRd: (-1) vagam.Rd:63: Lost braces in \itemize; \value handles \item{}{} directly checkRd: (-1) vagam.Rd:64: Lost braces in \itemize; \value handles \item{}{} directly checkRd: (-1) vagam.Rd:65: Lost braces in \itemize; \value handles \item{}{} directly checkRd: (-1) vagam.Rd:66: Lost braces in \itemize; \value handles \item{}{} directly checkRd: (-1) vagam.Rd:67: Lost braces in \itemize; \value handles \item{}{} directly checkRd: (-1) vagam.Rd:68: Lost braces in \itemize; \value handles \item{}{} directly checkRd: (-1) vagam.Rd:69: Lost braces in \itemize; \value handles \item{}{} directly checkRd: (-1) vagam.Rd:70: Lost braces in \itemize; \value handles \item{}{} directly checkRd: (-1) vagam.Rd:71: Lost braces in \itemize; \value handles \item{}{} directly checkRd: (-1) vagam.Rd:72: Lost braces in \itemize; \value handles \item{}{} directly checkRd: (-1) vagam.Rd:73: Lost braces in \itemize; \value handles \item{}{} directly checkRd: (-1) vagam.Rd:74: Lost braces in \itemize; \value handles \item{}{} directly checkRd: (-1) vagam.Rd:75: Lost braces in \itemize; \value handles \item{}{} directly checkRd: (-1) vagam.Rd:76: Lost braces in \itemize; \value handles \item{}{} directly checkRd: (-1) vagam.Rd:77: Lost braces in \itemize; \value handles \item{}{} directly Flavors: r-devel-linux-x86_64-debian-clang, r-devel-linux-x86_64-debian-gcc, r-devel-linux-x86_64-fedora-clang, r-devel-linux-x86_64-fedora-gcc, r-devel-windows-x86_64, r-patched-linux-x86_64, r-release-linux-x86_64, r-release-macos-arm64, r-release-windows-x86_64