CRAN Package Check Results for Package usefun

Last updated on 2022-05-26 03:53:24 CEST.

Flavor Version Tinstall Tcheck Ttotal Status Flags
r-devel-linux-x86_64-debian-clang 0.4.8 5.51 65.62 71.13 NOTE
r-devel-linux-x86_64-debian-gcc 0.4.8 4.62 48.88 53.50 NOTE
r-devel-linux-x86_64-fedora-clang 0.4.8 82.83 NOTE
r-devel-linux-x86_64-fedora-gcc 0.4.8 71.59 NOTE
r-devel-windows-x86_64 0.4.8 24.00 88.00 112.00 NOTE
r-patched-linux-x86_64 0.4.8 4.59 60.47 65.06 NOTE
r-release-linux-x86_64 0.4.8 NOTE
r-release-macos-arm64 0.4.8 26.00 NOTE
r-release-macos-x86_64 0.4.8 47.00 NOTE
r-release-windows-x86_64 0.4.8 26.00 90.00 116.00 NOTE
r-oldrel-macos-arm64 0.4.8 34.00 NOTE
r-oldrel-macos-x86_64 0.4.8 38.00 NOTE
r-oldrel-windows-ix86+x86_64 0.4.8 14.00 74.00 88.00 NOTE

Check Details

Version: 0.4.8
Check: LazyData
Result: NOTE
     'LazyData' is specified without a 'data' directory
Flavors: r-devel-linux-x86_64-debian-clang, r-devel-linux-x86_64-debian-gcc, r-devel-linux-x86_64-fedora-clang, r-devel-linux-x86_64-fedora-gcc, r-devel-windows-x86_64, r-patched-linux-x86_64, r-release-linux-x86_64, r-release-macos-arm64, r-release-macos-x86_64, r-release-windows-x86_64, r-oldrel-macos-arm64, r-oldrel-macos-x86_64, r-oldrel-windows-ix86+x86_64