CRAN Package Check Results for Package urca

Last updated on 2022-01-28 15:53:29 CET.

Flavor Version Tinstall Tcheck Ttotal Status Flags
r-devel-linux-x86_64-debian-clang 1.3-0 8.11 72.00 80.11 OK
r-devel-linux-x86_64-debian-gcc 1.3-0 7.88 56.05 63.93 OK
r-devel-linux-x86_64-fedora-clang 1.3-0 98.18 NOTE
r-devel-linux-x86_64-fedora-gcc 1.3-0 84.04 NOTE
r-devel-windows-x86_64-new-UL 1.3-0 101.00 107.00 208.00 OK
r-devel-windows-x86_64-new-TK 1.3-0 OK
r-patched-linux-x86_64 1.3-0 10.90 68.33 79.23 OK
r-release-linux-x86_64 1.3-0 9.06 68.85 77.91 OK
r-release-macos-arm64 1.3-0 OK
r-release-macos-x86_64 1.3-0 OK
r-release-windows-ix86+x86_64 1.3-0 22.00 94.00 116.00 OK
r-oldrel-macos-x86_64 1.3-0 OK
r-oldrel-windows-ix86+x86_64 1.3-0 22.00 97.00 119.00 OK

Check Details

Version: 1.3-0
Check: compiled code
Result: NOTE
    File ‘urca/libs/urca.so’:
     Found no calls to: ‘R_registerRoutines’, ‘R_useDynamicSymbols’
    
    It is good practice to register native routines and to disable symbol
    search.
    
    See ‘Writing portable packages’ in the ‘Writing R Extensions’ manual.
Flavors: r-devel-linux-x86_64-fedora-clang, r-devel-linux-x86_64-fedora-gcc