CRAN Package Check Results for Package unsystation

Last updated on 2022-06-27 03:51:27 CEST.

Flavor Version Tinstall Tcheck Ttotal Status Flags
r-devel-linux-x86_64-debian-clang 0.2.0 28.31 28.16 56.47 NOTE
r-devel-linux-x86_64-debian-gcc 0.2.0 25.55 22.27 47.82 NOTE
r-devel-linux-x86_64-fedora-clang 0.2.0 95.39 NOTE
r-devel-linux-x86_64-fedora-gcc 0.2.0 88.44 NOTE
r-devel-windows-x86_64 0.2.0 39.00 77.00 116.00 NOTE
r-patched-linux-x86_64 0.2.0 25.86 27.26 53.12 NOTE
r-release-linux-x86_64 0.2.0 29.66 27.51 57.17 NOTE
r-release-macos-arm64 0.2.0 29.00 NOTE
r-release-macos-x86_64 0.2.0 34.00 NOTE
r-release-windows-x86_64 0.2.0 37.00 78.00 115.00 NOTE
r-oldrel-macos-arm64 0.2.0 33.00 NOTE
r-oldrel-macos-x86_64 0.2.0 47.00 NOTE
r-oldrel-windows-ix86+x86_64 0.2.0 81.00 73.00 154.00 NOTE

Check Details

Version: 0.2.0
Check: LazyData
Result: NOTE
     'LazyData' is specified without a 'data' directory
Flavors: r-devel-linux-x86_64-debian-clang, r-devel-linux-x86_64-debian-gcc, r-devel-linux-x86_64-fedora-clang, r-devel-linux-x86_64-fedora-gcc, r-devel-windows-x86_64, r-patched-linux-x86_64, r-release-linux-x86_64, r-release-macos-arm64, r-release-macos-x86_64, r-release-windows-x86_64, r-oldrel-macos-arm64, r-oldrel-macos-x86_64, r-oldrel-windows-ix86+x86_64