CRAN Package Check Results for Package univariateML

Last updated on 2024-06-16 15:50:09 CEST.

Flavor Version Tinstall Tcheck Ttotal Status Flags
r-devel-linux-x86_64-debian-clang 1.1.1 5.00 128.23 133.23 NOTE
r-devel-linux-x86_64-debian-gcc 1.1.1 4.58 85.77 90.35 NOTE
r-devel-linux-x86_64-fedora-clang 1.1.1 169.16 NOTE
r-devel-linux-x86_64-fedora-gcc 1.1.1 169.54 NOTE
r-devel-windows-x86_64 1.1.1 6.00 124.00 130.00 NOTE
r-patched-linux-x86_64 1.1.1 11.21 119.22 130.43 NOTE
r-release-linux-x86_64 1.1.1 4.81 120.38 125.19 NOTE
r-release-macos-arm64 1.1.1 53.00 NOTE
r-release-macos-x86_64 1.1.1 82.00 NOTE
r-release-windows-x86_64 1.1.1 6.00 129.00 135.00 NOTE
r-oldrel-macos-arm64 1.1.1 56.00 OK
r-oldrel-macos-x86_64 1.1.1 95.00 OK
r-oldrel-windows-x86_64 1.1.1 8.00 144.00 152.00 OK

Check Details

Version: 1.1.1
Check: Rd files
Result: NOTE checkRd: (-1) mllogitnorm.Rd:45: Lost braces 45 | link[dlogitnorm]{dlogitnorm}for the normal density. | ^ Flavors: r-devel-linux-x86_64-debian-clang, r-devel-linux-x86_64-debian-gcc, r-devel-linux-x86_64-fedora-clang, r-devel-linux-x86_64-fedora-gcc, r-devel-windows-x86_64, r-patched-linux-x86_64, r-release-linux-x86_64, r-release-macos-arm64, r-release-macos-x86_64, r-release-windows-x86_64

Version: 1.1.1
Check: dependencies in R code
Result: NOTE Namespaces in Imports field not imported from: ‘extraDistr’ ‘logitnorm’ ‘nakagami’ ‘tibble’ All declared Imports should be used. Flavors: r-devel-linux-x86_64-fedora-clang, r-devel-linux-x86_64-fedora-gcc