Last updated on 2022-05-18 15:49:17 CEST.
Flavor | Version | Tinstall | Tcheck | Ttotal | Status | Flags |
---|---|---|---|---|---|---|
r-devel-linux-x86_64-debian-clang | 1.1.1 | 5.86 | 124.24 | 130.10 | OK | |
r-devel-linux-x86_64-debian-gcc | 1.1.1 | 3.25 | 85.77 | 89.02 | OK | |
r-devel-linux-x86_64-fedora-clang | 1.1.1 | 149.93 | NOTE | |||
r-devel-linux-x86_64-fedora-gcc | 1.1.1 | 143.82 | NOTE | |||
r-devel-windows-x86_64 | 1.1.1 | 88.00 | 165.00 | 253.00 | OK | |
r-patched-linux-x86_64 | 1.1.1 | 9.08 | 119.65 | 128.73 | OK | |
r-release-linux-x86_64 | 1.1.1 | 5.30 | 116.59 | 121.89 | OK | |
r-release-macos-arm64 | 1.1.1 | 42.00 | NOTE | |||
r-release-macos-x86_64 | 1.1.1 | 59.00 | NOTE | |||
r-release-windows-x86_64 | 1.1.1 | 63.00 | 173.00 | 236.00 | OK | |
r-oldrel-macos-arm64 | 1.1.1 | 36.00 | NOTE | |||
r-oldrel-macos-x86_64 | 1.1.1 | 58.00 | NOTE | |||
r-oldrel-windows-ix86+x86_64 | 1.1.1 | 12.00 | 156.00 | 168.00 | OK |
Version: 1.1.1
Check: dependencies in R code
Result: NOTE
Namespaces in Imports field not imported from:
‘extraDistr’ ‘logitnorm’ ‘nakagami’ ‘tibble’
All declared Imports should be used.
Flavors: r-devel-linux-x86_64-fedora-clang, r-devel-linux-x86_64-fedora-gcc, r-release-macos-arm64, r-release-macos-x86_64, r-oldrel-macos-arm64, r-oldrel-macos-x86_64