CRAN Package Check Results for Package unitedR

Last updated on 2022-06-28 03:51:46 CEST.

Flavor Version Tinstall Tcheck Ttotal Status Flags
r-devel-linux-x86_64-debian-clang 0.4 5.78 42.45 48.23 NOTE
r-devel-linux-x86_64-debian-gcc 0.4 4.56 32.72 37.28 NOTE
r-devel-linux-x86_64-fedora-clang 0.4 69.17 NOTE
r-devel-linux-x86_64-fedora-gcc 0.4 68.40 NOTE
r-devel-windows-x86_64 0.4 19.00 72.00 91.00 NOTE
r-patched-linux-x86_64 0.4 5.57 40.02 45.59 NOTE
r-release-linux-x86_64 0.4 4.39 40.56 44.95 NOTE
r-release-macos-arm64 0.4 23.00 NOTE
r-release-macos-x86_64 0.4 33.00 NOTE
r-release-windows-x86_64 0.4 20.00 75.00 95.00 NOTE
r-oldrel-macos-arm64 0.4 29.00 NOTE
r-oldrel-macos-x86_64 0.4 46.00 NOTE
r-oldrel-windows-ix86+x86_64 0.4 14.00 66.00 80.00 NOTE

Check Details

Version: 0.4
Check: LazyData
Result: NOTE
     'LazyData' is specified without a 'data' directory
Flavors: r-devel-linux-x86_64-debian-clang, r-devel-linux-x86_64-debian-gcc, r-devel-linux-x86_64-fedora-clang, r-devel-linux-x86_64-fedora-gcc, r-devel-windows-x86_64, r-patched-linux-x86_64, r-release-linux-x86_64, r-release-macos-arm64, r-release-macos-x86_64, r-release-windows-x86_64, r-oldrel-macos-arm64, r-oldrel-macos-x86_64, r-oldrel-windows-ix86+x86_64