CRAN Package Check Results for Package unglue

Last updated on 2022-09-28 15:50:10 CEST.

Flavor Version Tinstall Tcheck Ttotal Status Flags
r-devel-linux-x86_64-debian-clang 0.1.0 2.42 25.87 28.29 NOTE
r-devel-linux-x86_64-debian-gcc 0.1.0 1.83 20.41 22.24 NOTE
r-devel-linux-x86_64-fedora-clang 0.1.0 47.26 NOTE
r-devel-linux-x86_64-fedora-gcc 0.1.0 57.96 NOTE
r-devel-windows-x86_64 0.1.0 11.00 54.00 65.00 NOTE
r-patched-linux-x86_64 0.1.0 1.86 24.48 26.34 NOTE
r-release-linux-x86_64 0.1.0 1.82 24.20 26.02 NOTE
r-release-macos-arm64 0.1.0 19.00 NOTE
r-release-macos-x86_64 0.1.0 28.00 NOTE
r-release-windows-x86_64 0.1.0 14.00 51.00 65.00 NOTE
r-oldrel-macos-arm64 0.1.0 22.00 NOTE
r-oldrel-macos-x86_64 0.1.0 41.00 NOTE
r-oldrel-windows-ix86+x86_64 0.1.0 6.00 53.00 59.00 NOTE

Check Details

Version: 0.1.0
Check: LazyData
Result: NOTE
     'LazyData' is specified without a 'data' directory
Flavors: r-devel-linux-x86_64-debian-clang, r-devel-linux-x86_64-debian-gcc, r-devel-linux-x86_64-fedora-clang, r-devel-linux-x86_64-fedora-gcc, r-devel-windows-x86_64, r-patched-linux-x86_64, r-release-linux-x86_64, r-release-macos-arm64, r-release-macos-x86_64, r-release-windows-x86_64, r-oldrel-macos-arm64, r-oldrel-macos-x86_64, r-oldrel-windows-ix86+x86_64