CRAN Package Check Results for Package twitteR

Last updated on 2024-04-19 15:57:04 CEST.

Flavor Version Tinstall Tcheck Ttotal Status Flags
r-devel-linux-x86_64-debian-clang 1.1.9 9.65 45.48 55.13 NOTE
r-devel-linux-x86_64-debian-gcc 1.1.9 NOTE
r-devel-linux-x86_64-fedora-clang 1.1.9 70.15 NOTE
r-devel-linux-x86_64-fedora-gcc 1.1.9 65.48 NOTE
r-prerel-macos-arm64 1.1.9 23.00 NOTE
r-prerel-windows-x86_64 1.1.9 9.00 57.00 66.00 NOTE
r-patched-linux-x86_64 1.1.9 12.53 44.11 56.64 NOTE
r-release-linux-x86_64 1.1.9 7.83 45.42 53.25 NOTE
r-release-macos-arm64 1.1.9 29.00 NOTE
r-release-macos-x86_64 1.1.9 36.00 NOTE
r-release-windows-x86_64 1.1.9 11.00 70.00 81.00 NOTE
r-oldrel-macos-arm64 1.1.9 19.00 NOTE
r-oldrel-windows-x86_64 1.1.9 14.00 73.00 87.00 NOTE

Check Details

Version: 1.1.9
Check: LazyData
Result: NOTE 'LazyData' is specified without a 'data' directory Flavors: r-devel-linux-x86_64-debian-clang, r-devel-linux-x86_64-debian-gcc, r-devel-linux-x86_64-fedora-clang, r-devel-linux-x86_64-fedora-gcc, r-prerel-macos-arm64, r-prerel-windows-x86_64, r-patched-linux-x86_64, r-release-linux-x86_64, r-release-macos-arm64, r-release-macos-x86_64, r-release-windows-x86_64, r-oldrel-macos-arm64, r-oldrel-windows-x86_64