CRAN Package Check Results for Package twilio

Last updated on 2022-06-26 15:53:13 CEST.

Flavor Version Tinstall Tcheck Ttotal Status Flags
r-devel-linux-x86_64-debian-clang 0.1.0 4.05 37.55 41.60 NOTE
r-devel-linux-x86_64-debian-gcc 0.1.0 2.68 29.16 31.84 NOTE
r-devel-linux-x86_64-fedora-clang 0.1.0 60.16 NOTE
r-devel-linux-x86_64-fedora-gcc 0.1.0 59.59 NOTE
r-devel-windows-x86_64 0.1.0 11.00 61.00 72.00 NOTE
r-patched-linux-x86_64 0.1.0 3.45 36.33 39.78 NOTE
r-release-linux-x86_64 0.1.0 4.11 36.30 40.41 NOTE
r-release-macos-arm64 0.1.0 16.00 NOTE
r-release-macos-x86_64 0.1.0 27.00 NOTE
r-release-windows-x86_64 0.1.0 13.00 64.00 77.00 NOTE
r-oldrel-macos-arm64 0.1.0 23.00 NOTE
r-oldrel-macos-x86_64 0.1.0 33.00 NOTE
r-oldrel-windows-ix86+x86_64 0.1.0 9.00 56.00 65.00 NOTE

Check Details

Version: 0.1.0
Check: LazyData
Result: NOTE
     'LazyData' is specified without a 'data' directory
Flavors: r-devel-linux-x86_64-debian-clang, r-devel-linux-x86_64-debian-gcc, r-devel-linux-x86_64-fedora-clang, r-devel-linux-x86_64-fedora-gcc, r-devel-windows-x86_64, r-patched-linux-x86_64, r-release-linux-x86_64, r-release-macos-arm64, r-release-macos-x86_64, r-release-windows-x86_64, r-oldrel-macos-arm64, r-oldrel-macos-x86_64, r-oldrel-windows-ix86+x86_64