CRAN Package Check Results for Package tvgeom

Last updated on 2022-05-19 04:51:17 CEST.

Flavor Version Tinstall Tcheck Ttotal Status Flags
r-devel-linux-x86_64-debian-clang 1.0.1 1.85 51.19 53.04 NOTE
r-devel-linux-x86_64-debian-gcc 1.0.1 1.67 37.30 38.97 NOTE
r-devel-linux-x86_64-fedora-clang 1.0.1 63.12 NOTE
r-devel-linux-x86_64-fedora-gcc 1.0.1 61.46 NOTE
r-devel-windows-x86_64 1.0.1 10.00 69.00 79.00 NOTE
r-patched-linux-x86_64 1.0.1 2.03 48.54 50.57 NOTE
r-release-linux-x86_64 1.0.1 1.93 48.38 50.31 NOTE
r-release-macos-arm64 1.0.1 23.00 NOTE
r-release-macos-x86_64 1.0.1 33.00 NOTE
r-release-windows-x86_64 1.0.1 13.00 68.00 81.00 NOTE
r-oldrel-macos-arm64 1.0.1 33.00 NOTE
r-oldrel-macos-x86_64 1.0.1 60.00 NOTE
r-oldrel-windows-ix86+x86_64 1.0.1 5.00 62.00 67.00 NOTE

Check Details

Version: 1.0.1
Check: LazyData
Result: NOTE
     'LazyData' is specified without a 'data' directory
Flavors: r-devel-linux-x86_64-debian-clang, r-devel-linux-x86_64-debian-gcc, r-devel-linux-x86_64-fedora-clang, r-devel-linux-x86_64-fedora-gcc, r-devel-windows-x86_64, r-patched-linux-x86_64, r-release-linux-x86_64, r-release-macos-arm64, r-release-macos-x86_64, r-release-windows-x86_64, r-oldrel-macos-arm64, r-oldrel-macos-x86_64, r-oldrel-windows-ix86+x86_64