CRAN Package Check Results for Package tune

Last updated on 2022-05-27 04:56:51 CEST.

Flavor Version Tinstall Tcheck Ttotal Status Flags
r-devel-linux-x86_64-debian-clang 0.2.0 23.04 190.34 213.38 OK
r-devel-linux-x86_64-debian-gcc 0.2.0 21.17 141.13 162.30 OK
r-devel-linux-x86_64-fedora-clang 0.2.0 252.35 NOTE
r-devel-linux-x86_64-fedora-gcc 0.2.0 234.41 OK
r-devel-windows-x86_64 0.2.0 78.00 213.00 291.00 OK
r-patched-linux-x86_64 0.2.0 24.48 173.32 197.80 OK
r-release-linux-x86_64 0.2.0 24.59 176.03 200.62 OK
r-release-macos-arm64 0.2.0 59.00 OK
r-release-macos-x86_64 0.2.0 109.00 OK
r-release-windows-x86_64 0.2.0 82.00 187.00 269.00 OK
r-oldrel-macos-arm64 0.2.0 62.00 OK
r-oldrel-macos-x86_64 0.2.0 84.00 OK
r-oldrel-windows-ix86+x86_64 0.2.0 51.00 211.00 262.00 OK

Check Details

Version: 0.2.0
Check: package dependencies
Result: NOTE
    Imports includes 21 non-default packages.
    Importing from so many packages makes the package vulnerable to any of
    them becoming unavailable. Move as many as possible to Suggests and
    use conditionally.
Flavor: r-devel-linux-x86_64-fedora-clang