CRAN Package Check Results for Package tuber

Last updated on 2022-06-28 03:51:45 CEST.

Flavor Version Tinstall Tcheck Ttotal Status Flags
r-devel-linux-x86_64-debian-clang 0.9.9 6.77 67.83 74.60 NOTE
r-devel-linux-x86_64-debian-gcc 0.9.9 6.00 50.63 56.63 NOTE
r-devel-linux-x86_64-fedora-clang 0.9.9 100.82 NOTE
r-devel-linux-x86_64-fedora-gcc 0.9.9 96.71 NOTE
r-devel-windows-x86_64 0.9.9 29.00 102.00 131.00 NOTE
r-patched-linux-x86_64 0.9.9 10.47 63.19 73.66 NOTE
r-release-linux-x86_64 0.9.9 6.07 63.02 69.09 NOTE
r-release-macos-arm64 0.9.9 28.00 NOTE
r-release-macos-x86_64 0.9.9 55.00 NOTE
r-release-windows-x86_64 0.9.9 31.00 101.00 132.00 NOTE
r-oldrel-macos-arm64 0.9.9 32.00 NOTE
r-oldrel-macos-x86_64 0.9.9 42.00 NOTE
r-oldrel-windows-ix86+x86_64 0.9.9 17.00 88.00 105.00 NOTE

Check Details

Version: 0.9.9
Check: LazyData
Result: NOTE
     'LazyData' is specified without a 'data' directory
Flavors: r-devel-linux-x86_64-debian-clang, r-devel-linux-x86_64-debian-gcc, r-devel-linux-x86_64-fedora-clang, r-devel-linux-x86_64-fedora-gcc, r-devel-windows-x86_64, r-patched-linux-x86_64, r-release-linux-x86_64, r-release-macos-arm64, r-release-macos-x86_64, r-release-windows-x86_64, r-oldrel-macos-arm64, r-oldrel-macos-x86_64, r-oldrel-windows-ix86+x86_64