CRAN Package Check Results for Package tspmeta

Last updated on 2024-04-21 15:52:02 CEST.

Flavor Version Tinstall Tcheck Ttotal Status Flags
r-devel-linux-x86_64-debian-clang 1.2 14.88 148.05 162.93 NOTE
r-devel-linux-x86_64-debian-gcc 1.2 14.40 109.12 123.52 NOTE
r-devel-linux-x86_64-fedora-clang 1.2 209.75 NOTE
r-devel-linux-x86_64-fedora-gcc 1.2 211.03 NOTE
r-prerel-macos-arm64 1.2 54.00 NOTE
r-prerel-windows-x86_64 1.2 19.00 116.00 135.00 NOTE
r-patched-linux-x86_64 1.2 16.27 139.05 155.32 NOTE
r-release-linux-x86_64 1.2 18.22 145.00 163.22 NOTE
r-release-macos-arm64 1.2 59.00 NOTE
r-release-macos-x86_64 1.2 100.00 NOTE
r-release-windows-x86_64 1.2 22.00 147.00 169.00 NOTE
r-oldrel-macos-arm64 1.2 52.00 NOTE
r-oldrel-windows-x86_64 1.2 23.00 143.00 166.00 NOTE

Check Details

Version: 1.2
Check: LazyData
Result: NOTE 'LazyData' is specified without a 'data' directory Flavors: r-devel-linux-x86_64-debian-clang, r-devel-linux-x86_64-debian-gcc, r-devel-linux-x86_64-fedora-clang, r-devel-linux-x86_64-fedora-gcc, r-prerel-macos-arm64, r-prerel-windows-x86_64, r-patched-linux-x86_64, r-release-linux-x86_64, r-release-macos-arm64, r-release-macos-x86_64, r-release-windows-x86_64, r-oldrel-macos-arm64, r-oldrel-windows-x86_64

Version: 1.2
Check: compiled code
Result: NOTE File ‘tspmeta/libs/tspmeta.so’: Found no calls to: ‘R_registerRoutines’, ‘R_useDynamicSymbols’ It is good practice to register native routines and to disable symbol search. See ‘Writing portable packages’ in the ‘Writing R Extensions’ manual. Flavors: r-devel-linux-x86_64-fedora-clang, r-devel-linux-x86_64-fedora-gcc