CRAN Package Check Results for Package tsibbletalk

Last updated on 2024-06-17 15:03:31 CEST.

Flavor Version Tinstall Tcheck Ttotal Status Flags
r-devel-linux-x86_64-debian-clang 0.1.0 13.75 84.79 98.54 OK
r-devel-linux-x86_64-debian-gcc 0.1.0 10.10 61.66 71.76 OK
r-devel-linux-x86_64-fedora-clang 0.1.0 121.75 NOTE
r-devel-linux-x86_64-fedora-gcc 0.1.0 111.17 NOTE
r-devel-windows-x86_64 0.1.0 12.00 77.00 89.00 OK
r-patched-linux-x86_64 0.1.0 10.54 81.03 91.57 OK
r-release-linux-x86_64 0.1.0 7.91 78.73 86.64 OK
r-release-macos-arm64 0.1.0 36.00 OK
r-release-macos-x86_64 0.1.0 71.00 OK
r-release-windows-x86_64 0.1.0 13.00 84.00 97.00 OK
r-oldrel-macos-arm64 0.1.0 38.00 OK
r-oldrel-macos-x86_64 0.1.0 58.00 OK
r-oldrel-windows-x86_64 0.1.0 15.00 93.00 108.00 OK

Check Details

Version: 0.1.0
Check: dependencies in R code
Result: NOTE Namespaces in Imports field not imported from: ‘R6’ ‘crosstalk’ All declared Imports should be used. Flavors: r-devel-linux-x86_64-fedora-clang, r-devel-linux-x86_64-fedora-gcc