CRAN Package Check Results for Package tsDyn

Last updated on 2022-01-24 15:54:29 CET.

Flavor Version Tinstall Tcheck Ttotal Status Flags
r-devel-linux-x86_64-debian-clang 10-1.2 24.42 203.59 228.01 OK
r-devel-linux-x86_64-debian-gcc 10-1.2 20.98 149.86 170.84 OK
r-devel-linux-x86_64-fedora-clang 10-1.2 273.67 NOTE
r-devel-linux-x86_64-fedora-gcc 10-1.2 269.72 OK
r-devel-windows-x86_64-new-UL 10-1.2 107.00 225.00 332.00 OK
r-devel-windows-x86_64-new-TK 10-1.2 OK
r-patched-linux-x86_64 10-1.2 25.94 193.45 219.39 OK
r-release-linux-x86_64 10-1.2 24.27 192.49 216.76 OK
r-release-macos-arm64 10-1.2 OK
r-release-macos-x86_64 10-1.2 OK
r-release-windows-ix86+x86_64 10-1.2 52.00 305.00 357.00 OK
r-oldrel-macos-x86_64 10-1.2 OK
r-oldrel-windows-ix86+x86_64 10-1.2 52.00 308.00 360.00 OK

Check Details

Version: 10-1.2
Check: Rd cross-references
Result: NOTE
    Undeclared package ‘rugarch’ in Rd xrefs
Flavor: r-devel-linux-x86_64-fedora-clang