Last updated on 2022-05-21 15:50:09 CEST.
Flavor | Version | Tinstall | Tcheck | Ttotal | Status | Flags |
---|---|---|---|---|---|---|
r-devel-linux-x86_64-debian-clang | 1.2.5 | 5.03 | 99.79 | 104.82 | OK | |
r-devel-linux-x86_64-debian-gcc | 1.2.5 | 3.82 | 77.28 | 81.10 | OK | |
r-devel-linux-x86_64-fedora-clang | 1.2.5 | 119.41 | NOTE | |||
r-devel-linux-x86_64-fedora-gcc | 1.2.5 | 126.05 | NOTE | |||
r-devel-windows-x86_64 | 1.2.5 | 57.00 | 128.00 | 185.00 | OK | |
r-patched-linux-x86_64 | 1.2.5 | 3.86 | 97.09 | 100.95 | OK | |
r-release-linux-x86_64 | 1.2.5 | 4.13 | 97.10 | 101.23 | OK | |
r-release-macos-arm64 | 1.2.5 | 36.00 | NOTE | |||
r-release-macos-x86_64 | 1.2.5 | 63.00 | NOTE | |||
r-release-windows-x86_64 | 1.2.5 | 71.00 | 132.00 | 203.00 | OK | |
r-oldrel-macos-arm64 | 1.2.5 | 44.00 | NOTE | |||
r-oldrel-macos-x86_64 | 1.2.5 | 71.00 | NOTE | |||
r-oldrel-windows-ix86+x86_64 | 1.2.5 | 13.00 | 156.00 | 169.00 | OK |
Version: 1.2.5
Check: dependencies in R code
Result: NOTE
Namespaces in Imports field not imported from:
‘DT’ ‘ez’ ‘forcats’ ‘ggplot2’
All declared Imports should be used.
Flavors: r-devel-linux-x86_64-fedora-clang, r-devel-linux-x86_64-fedora-gcc, r-release-macos-arm64, r-release-macos-x86_64, r-oldrel-macos-arm64, r-oldrel-macos-x86_64
Version: 1.2.5
Check: data for non-ASCII characters
Result: NOTE
Note: found 118 marked UTF-8 strings
Flavors: r-devel-linux-x86_64-fedora-clang, r-devel-linux-x86_64-fedora-gcc, r-release-macos-arm64, r-release-macos-x86_64, r-oldrel-macos-arm64, r-oldrel-macos-x86_64