CRAN Package Check Results for Package trimmer

Last updated on 2022-06-26 15:53:13 CEST.

Flavor Version Tinstall Tcheck Ttotal Status Flags
r-devel-linux-x86_64-debian-clang 0.8.1 2.63 43.63 46.26 NOTE
r-devel-linux-x86_64-debian-gcc 0.8.1 2.81 32.84 35.65 NOTE
r-devel-linux-x86_64-fedora-clang 0.8.1 65.40 NOTE
r-devel-linux-x86_64-fedora-gcc 0.8.1 64.24 NOTE
r-devel-windows-x86_64 0.8.1 18.00 73.00 91.00 NOTE
r-patched-linux-x86_64 0.8.1 3.40 40.52 43.92 NOTE
r-release-linux-x86_64 0.8.1 3.95 41.34 45.29 NOTE
r-release-macos-arm64 0.8.1 23.00 NOTE
r-release-macos-x86_64 0.8.1 30.00 NOTE
r-release-windows-x86_64 0.8.1 13.00 69.00 82.00 NOTE
r-oldrel-macos-arm64 0.8.1 28.00 NOTE
r-oldrel-macos-x86_64 0.8.1 38.00 NOTE
r-oldrel-windows-ix86+x86_64 0.8.1 10.00 73.00 83.00 NOTE

Check Details

Version: 0.8.1
Check: LazyData
Result: NOTE
     'LazyData' is specified without a 'data' directory
Flavors: r-devel-linux-x86_64-debian-clang, r-devel-linux-x86_64-debian-gcc, r-devel-linux-x86_64-fedora-clang, r-devel-linux-x86_64-fedora-gcc, r-devel-windows-x86_64, r-patched-linux-x86_64, r-release-linux-x86_64, r-release-macos-arm64, r-release-macos-x86_64, r-release-windows-x86_64, r-oldrel-macos-arm64, r-oldrel-macos-x86_64, r-oldrel-windows-ix86+x86_64