Last updated on 2022-06-25 03:51:12 CEST.
Flavor | Version | Tinstall | Tcheck | Ttotal | Status | Flags |
---|---|---|---|---|---|---|
r-devel-linux-x86_64-debian-clang | 2.0.6.0 | 119.33 | 189.76 | 309.09 | NOTE | |
r-devel-linux-x86_64-debian-gcc | 2.0.6.0 | 103.44 | 134.54 | 237.98 | NOTE | |
r-devel-linux-x86_64-fedora-clang | 2.0.6.0 | 420.35 | NOTE | |||
r-devel-linux-x86_64-fedora-gcc | 2.0.6.0 | 395.01 | NOTE | |||
r-devel-windows-x86_64 | 2.0.6.0 | 120.00 | 205.00 | 325.00 | NOTE | |
r-patched-linux-x86_64 | 2.0.6.0 | 112.78 | 177.70 | 290.48 | OK | |
r-release-linux-x86_64 | 2.0.6.0 | 106.38 | 180.12 | 286.50 | OK | |
r-release-macos-arm64 | 2.0.6.0 | 96.00 | OK | |||
r-release-macos-x86_64 | 2.0.6.0 | 171.00 | OK | |||
r-release-windows-x86_64 | 2.0.6.0 | 124.00 | 220.00 | 344.00 | OK | |
r-oldrel-macos-arm64 | 2.0.6.0 | 82.00 | OK | |||
r-oldrel-macos-x86_64 | 2.0.6.0 | 114.00 | OK | |||
r-oldrel-windows-ix86+x86_64 | 2.0.6.0 | 306.00 | 327.00 | 633.00 | OK |
Version: 2.0.6.0
Check: Rd files
Result: NOTE
checkRd: (-1) dcc.Rd:227: Escaped LaTeX specials: \&
checkRd: (-1) seascorr.Rd:128: Escaped LaTeX specials: \&
Flavors: r-devel-linux-x86_64-debian-clang, r-devel-linux-x86_64-debian-gcc, r-devel-linux-x86_64-fedora-clang, r-devel-linux-x86_64-fedora-gcc, r-devel-windows-x86_64
Version: 2.0.6.0
Check: Rd cross-references
Result: NOTE
Undeclared package ‘dplR’ in Rd xrefs
Flavor: r-devel-linux-x86_64-fedora-clang