CRAN Package Check Results for Package trafo

Last updated on 2022-06-25 03:51:12 CEST.

Flavor Version Tinstall Tcheck Ttotal Status Flags
r-devel-linux-x86_64-debian-clang 1.0.1 8.03 57.06 65.09 NOTE
r-devel-linux-x86_64-debian-gcc 1.0.1 5.68 43.50 49.18 NOTE
r-devel-linux-x86_64-fedora-clang 1.0.1 86.24 NOTE
r-devel-linux-x86_64-fedora-gcc 1.0.1 86.55 NOTE
r-devel-windows-x86_64 1.0.1 41.00 83.00 124.00 NOTE
r-patched-linux-x86_64 1.0.1 7.14 54.99 62.13 NOTE
r-release-linux-x86_64 1.0.1 4.93 55.40 60.33 NOTE
r-release-macos-arm64 1.0.1 28.00 NOTE
r-release-macos-x86_64 1.0.1 39.00 NOTE
r-release-windows-x86_64 1.0.1 43.00 82.00 125.00 NOTE
r-oldrel-macos-arm64 1.0.1 32.00 NOTE
r-oldrel-macos-x86_64 1.0.1 51.00 NOTE
r-oldrel-windows-ix86+x86_64 1.0.1 13.00 78.00 91.00 NOTE

Check Details

Version: 1.0.1
Check: LazyData
Result: NOTE
     'LazyData' is specified without a 'data' directory
Flavors: r-devel-linux-x86_64-debian-clang, r-devel-linux-x86_64-debian-gcc, r-devel-linux-x86_64-fedora-clang, r-devel-linux-x86_64-fedora-gcc, r-devel-windows-x86_64, r-patched-linux-x86_64, r-release-linux-x86_64, r-release-macos-arm64, r-release-macos-x86_64, r-release-windows-x86_64, r-oldrel-macos-arm64, r-oldrel-macos-x86_64, r-oldrel-windows-ix86+x86_64