CRAN Package Check Results for Package tradestatistics

Last updated on 2022-09-28 03:55:09 CEST.

Flavor Version Tinstall Tcheck Ttotal Status Flags
r-devel-linux-x86_64-debian-clang 3.0.2 4.60 48.33 52.93 OK
r-devel-linux-x86_64-debian-gcc 3.0.2 3.37 36.44 39.81 OK
r-devel-linux-x86_64-fedora-clang 3.0.2 77.28 NOTE
r-devel-linux-x86_64-fedora-gcc 3.0.2 72.04 NOTE
r-devel-windows-x86_64 3.0.2 49.00 95.00 144.00 OK
r-patched-linux-x86_64 3.0.2 3.22 46.19 49.41 OK
r-release-linux-x86_64 3.0.2 4.63 44.83 49.46 OK
r-release-macos-arm64 3.0.2 22.00 NOTE
r-release-macos-x86_64 3.0.2 33.00 NOTE
r-release-windows-x86_64 3.0.2 33.00 77.00 110.00 OK
r-oldrel-macos-arm64 3.0.2 24.00 NOTE
r-oldrel-macos-x86_64 3.0.2 34.00 NOTE
r-oldrel-windows-ix86+x86_64 3.0.2 11.00 71.00 82.00 OK

Check Details

Version: 3.0.2
Check: data for non-ASCII characters
Result: NOTE
     Note: found 8 marked UTF-8 strings
Flavors: r-devel-linux-x86_64-fedora-clang, r-devel-linux-x86_64-fedora-gcc, r-release-macos-arm64, r-release-macos-x86_64, r-oldrel-macos-arm64, r-oldrel-macos-x86_64