Last updated on 2023-12-10 15:50:45 CET.
Flavor | Version | Tinstall | Tcheck | Ttotal | Status | Flags |
---|---|---|---|---|---|---|
r-devel-linux-x86_64-debian-clang | 1.5.0 | 61.13 | 542.85 | 603.98 | OK | |
r-devel-linux-x86_64-debian-gcc | 1.5.0 | 48.22 | 405.99 | 454.21 | OK | |
r-devel-linux-x86_64-fedora-clang | 1.5.0 | 789.68 | OK | |||
r-devel-linux-x86_64-fedora-gcc | 1.5.0 | 524.32 | OK | |||
r-devel-windows-x86_64 | 1.5.0 | 28.00 | 4.00 | 32.00 | ERROR | |
r-patched-linux-x86_64 | 1.5.0 | 46.82 | 533.40 | 580.22 | OK | |
r-release-linux-x86_64 | 1.5.0 | 48.80 | 527.09 | 575.89 | OK | |
r-release-macos-arm64 | 1.5.0 | 206.00 | OK | |||
r-release-macos-x86_64 | 1.5.0 | 419.00 | OK | |||
r-release-windows-x86_64 | 1.5.0 | 67.00 | 461.00 | 528.00 | OK | |
r-oldrel-macos-arm64 | 1.5.0 | 245.00 | OK | |||
r-oldrel-macos-x86_64 | 1.5.0 | 10.00 | ERROR | |||
r-oldrel-windows-x86_64 | 1.5.0 | 64.00 | 419.00 | 483.00 | OK |
Version: 1.5.0
Check: whether package can be installed
Result: ERROR
Installation failed.
Flavor: r-devel-windows-x86_64
Version: 1.5.0
Check: package dependencies
Result: ERROR
Package required but not available: ‘qpgraph’
See section ‘The DESCRIPTION file’ in the ‘Writing R Extensions’
manual.
Flavor: r-oldrel-macos-x86_64