Last updated on 2023-12-02 15:50:13 CET.
Flavor | Version | Tinstall | Tcheck | Ttotal | Status | Flags |
---|---|---|---|---|---|---|
r-devel-linux-x86_64-debian-clang | 0.3.0 | 6.83 | 71.94 | 78.77 | OK | |
r-devel-linux-x86_64-debian-gcc | 0.3.0 | 5.49 | 55.14 | 60.63 | OK | |
r-devel-linux-x86_64-fedora-clang | 0.3.0 | 98.89 | NOTE | |||
r-devel-linux-x86_64-fedora-gcc | 0.3.0 | 107.07 | NOTE | |||
r-devel-windows-x86_64 | 0.3.0 | 8.00 | 95.00 | 103.00 | OK | |
r-patched-linux-x86_64 | 0.3.0 | 5.35 | 68.86 | 74.21 | OK | |
r-release-linux-x86_64 | 0.3.0 | 4.66 | 68.66 | 73.32 | OK | |
r-release-macos-arm64 | 0.3.0 | 38.00 | OK | |||
r-release-macos-x86_64 | 0.3.0 | 74.00 | OK | |||
r-release-windows-x86_64 | 0.3.0 | 12.00 | 101.00 | 113.00 | OK | |
r-oldrel-macos-arm64 | 0.3.0 | 34.00 | OK | |||
r-oldrel-macos-x86_64 | 0.3.0 | 52.00 | OK | |||
r-oldrel-windows-x86_64 | 0.3.0 | 12.00 | 98.00 | 110.00 | OK |
Version: 0.3.0
Check: data for non-ASCII characters
Result: NOTE
Note: found 1 marked UTF-8 string
Flavors: r-devel-linux-x86_64-fedora-clang, r-devel-linux-x86_64-fedora-gcc