Last updated on 2025-01-19 03:49:33 CET.
Flavor | Version | Tinstall | Tcheck | Ttotal | Status | Flags |
---|---|---|---|---|---|---|
r-devel-linux-x86_64-debian-clang | 0.1.3 | 32.71 | 23.85 | 56.56 | NOTE | |
r-devel-linux-x86_64-debian-gcc | 0.1.3 | 21.98 | 18.59 | 40.57 | NOTE | |
r-devel-linux-x86_64-fedora-clang | 0.1.3 | 105.58 | NOTE | |||
r-devel-linux-x86_64-fedora-gcc | 0.1.3 | 106.17 | NOTE | |||
r-devel-windows-x86_64 | 0.1.3 | 35.00 | 66.00 | 101.00 | NOTE | |
r-patched-linux-x86_64 | 0.1.3 | 31.00 | 22.81 | 53.81 | NOTE | |
r-release-linux-x86_64 | 0.1.3 | 30.24 | 22.55 | 52.79 | NOTE | |
r-release-macos-arm64 | 0.1.3 | 28.00 | NOTE | |||
r-release-macos-x86_64 | 0.1.3 | 38.00 | NOTE | |||
r-release-windows-x86_64 | 0.1.3 | 34.00 | 66.00 | 100.00 | NOTE | |
r-oldrel-macos-arm64 | 0.1.3 | 32.00 | NOTE | |||
r-oldrel-macos-x86_64 | 0.1.3 | 55.00 | NOTE | |||
r-oldrel-windows-x86_64 | 0.1.3 | 38.00 | 73.00 | 111.00 | NOTE |
Version: 0.1.3
Check: C++ specification
Result: NOTE
Specified C++11: please drop specification unless essential
Flavors: r-devel-linux-x86_64-debian-clang, r-devel-linux-x86_64-debian-gcc, r-devel-linux-x86_64-fedora-clang, r-devel-linux-x86_64-fedora-gcc, r-devel-windows-x86_64, r-patched-linux-x86_64, r-release-linux-x86_64, r-release-macos-arm64, r-release-macos-x86_64, r-release-windows-x86_64, r-oldrel-macos-arm64, r-oldrel-macos-x86_64, r-oldrel-windows-x86_64